CRAN Package Check Results for Package RcppSpdlog

Last updated on 2022-01-20 06:49:29 CET.

Flavor Version Tinstall Tcheck Ttotal Status Flags
r-devel-linux-x86_64-debian-clang 0.0.7 OK
r-devel-linux-x86_64-debian-gcc 0.0.7 25.47 28.67 54.14 OK
r-devel-linux-x86_64-fedora-clang 0.0.7 100.09 OK
r-devel-linux-x86_64-fedora-gcc 0.0.7 86.92 OK
r-devel-windows-x86_64-new-UL 0.0.7 177.00 92.00 269.00 OK
r-devel-windows-x86_64-new-TK 0.0.7 OK
r-patched-linux-x86_64 0.0.7 32.28 35.48 67.76 OK
r-release-linux-x86_64 0.0.7 OK
r-release-macos-arm64 0.0.7 NOTE
r-release-macos-x86_64 0.0.7 NOTE
r-release-windows-ix86+x86_64 0.0.7 87.00 81.00 168.00 OK
r-oldrel-macos-x86_64 0.0.7 NOTE
r-oldrel-windows-ix86+x86_64 0.0.7 86.00 82.00 168.00 OK

Check Details

Version: 0.0.7
Check: installed package size
Result: NOTE
     installed size is 5.7Mb
     sub-directories of 1Mb or more:
     libs 4.5Mb
Flavors: r-release-macos-arm64, r-release-macos-x86_64, r-oldrel-macos-x86_64

Version: 0.0.7
Check: re-building of vignette outputs
Result: NOTE
    Error(s) in re-building vignettes:
     ...
    --- re-building ‘introduction.md’ using mdweave_to_html
    Cannot find pandoc. Not able to weave vignette.
    Error: processing vignette 'introduction.md' failed with diagnostics:
    Failed to locate ‘weave’ output file ‘introduction.pdf’ or ‘introduction.html’ for vignette with name ‘introduction’ and engine ‘simplermarkdown::mdweave_to_html’. The following files exist in working directory ‘/Volumes/Builds/packages/high-sierra-x86_64/results/4.1/RcppSpdlog.Rcheck/vign_test/RcppSpdlog/vignettes’: ‘introduction.md’ (23761 bytes), ‘water.css’ (1193 bytes)
    --- failed re-building ‘introduction.md’
    
    SUMMARY: processing the following file failed:
     ‘introduction.md’
    
    Error: Vignette re-building failed.
    Execution halted
Flavor: r-release-macos-x86_64

Version: 0.0.7
Check: re-building of vignette outputs
Result: NOTE
    Error(s) in re-building vignettes:
     ...
    --- re-building ‘introduction.md’ using mdweave_to_html
    Cannot find pandoc. Not able to weave vignette.
    Error: processing vignette 'introduction.md' failed with diagnostics:
    Failed to locate ‘weave’ output file ‘introduction.pdf’ or ‘introduction.html’ for vignette with name ‘introduction’ and engine ‘simplermarkdown::mdweave_to_html’. The following files exist in working directory ‘/Volumes/Builds/packages/high-sierra-x86_64/results/4.0/RcppSpdlog.Rcheck/vign_test/RcppSpdlog/vignettes’: ‘introduction.md’ (23761 bytes), ‘water.css’ (1193 bytes)
    --- failed re-building ‘introduction.md’
    
    SUMMARY: processing the following file failed:
     ‘introduction.md’
    
    Error: Vignette re-building failed.
    Execution halted
Flavor: r-oldrel-macos-x86_64