CRAN Package Check Results for Package RcppNumerical

Last updated on 2022-07-06 06:52:59 CEST.

Flavor Version Tinstall Tcheck Ttotal Status Flags
r-devel-linux-x86_64-debian-clang 0.4-0 36.51 153.00 189.51 NOTE
r-devel-linux-x86_64-debian-gcc 0.4-0 33.27 126.66 159.93 NOTE
r-devel-linux-x86_64-fedora-clang 0.4-0 258.37 NOTE
r-devel-linux-x86_64-fedora-gcc 0.4-0 251.97 NOTE
r-devel-windows-x86_64 0.4-0 43.00 215.00 258.00 NOTE
r-patched-linux-x86_64 0.4-0 38.54 154.94 193.48 NOTE
r-release-linux-x86_64 0.4-0 37.71 158.07 195.78 NOTE
r-release-macos-arm64 0.4-0 65.00 NOTE
r-release-macos-x86_64 0.4-0 82.00 NOTE
r-release-windows-x86_64 0.4-0 48.00 225.00 273.00 NOTE
r-oldrel-macos-arm64 0.4-0 80.00 NOTE
r-oldrel-macos-x86_64 0.4-0 110.00 NOTE
r-oldrel-windows-ix86+x86_64 0.4-0 110.00 210.00 320.00 NOTE

Check Details

Version: 0.4-0
Check: LazyData
Result: NOTE
     'LazyData' is specified without a 'data' directory
Flavors: r-devel-linux-x86_64-debian-clang, r-devel-linux-x86_64-debian-gcc, r-devel-linux-x86_64-fedora-clang, r-devel-linux-x86_64-fedora-gcc, r-devel-windows-x86_64, r-patched-linux-x86_64, r-release-linux-x86_64, r-release-macos-arm64, r-release-macos-x86_64, r-release-windows-x86_64, r-oldrel-macos-arm64, r-oldrel-macos-x86_64, r-oldrel-windows-ix86+x86_64

Version: 0.4-0
Check: installed package size
Result: NOTE
     installed size is 5.9Mb
     sub-directories of 1Mb or more:
     libs 5.4Mb
Flavors: r-release-macos-arm64, r-release-macos-x86_64, r-oldrel-macos-arm64, r-oldrel-macos-x86_64