Last updated on 2022-08-12 06:49:29 CEST.
Flavor | Version | Tinstall | Tcheck | Ttotal | Status | Flags |
---|---|---|---|---|---|---|
r-devel-linux-x86_64-debian-clang | 0.0.5 | 58.26 | 52.60 | 110.86 | OK | |
r-devel-linux-x86_64-debian-gcc | 0.0.5 | 42.86 | 40.09 | 82.95 | OK | |
r-devel-linux-x86_64-fedora-clang | 0.0.5 | 163.19 | NOTE | |||
r-devel-linux-x86_64-fedora-gcc | 0.0.5 | 147.48 | NOTE | |||
r-devel-windows-x86_64 | 0.0.5 | 56.00 | 116.00 | 172.00 | OK | |
r-patched-linux-x86_64 | 0.0.5 | 46.69 | 53.34 | 100.03 | OK | |
r-release-linux-x86_64 | 0.0.5 | 45.53 | 52.68 | 98.21 | OK | |
r-release-macos-arm64 | 0.0.5 | 43.00 | OK | |||
r-release-macos-x86_64 | 0.0.5 | 53.00 | OK | |||
r-release-windows-x86_64 | 0.0.5 | 59.00 | 122.00 | 181.00 | OK | |
r-oldrel-macos-arm64 | 0.0.5 | 50.00 | NOTE | |||
r-oldrel-macos-x86_64 | 0.0.5 | 71.00 | OK | |||
r-oldrel-windows-ix86+x86_64 | 0.0.5 | 137.00 | 135.00 | 272.00 | OK |
Version: 0.0.5
Check: compiled code
Result: NOTE
File ‘RcppDL/libs/RcppDL.so’:
Found no calls to: ‘R_registerRoutines’, ‘R_useDynamicSymbols’
It is good practice to register native routines and to disable symbol
search.
See ‘Writing portable packages’ in the ‘Writing R Extensions’ manual.
Flavors: r-devel-linux-x86_64-fedora-clang, r-devel-linux-x86_64-fedora-gcc
Version: 0.0.5
Check: installed package size
Result: NOTE
installed size is 5.3Mb
sub-directories of 1Mb or more:
libs 5.1Mb
Flavor: r-oldrel-macos-arm64