Last updated on 2022-08-10 07:51:51 CEST.
Flavor | Version | Tinstall | Tcheck | Ttotal | Status | Flags |
---|---|---|---|---|---|---|
r-devel-linux-x86_64-debian-clang | 1.0.9 | 57.54 | 79.01 | 136.55 | OK | |
r-devel-linux-x86_64-debian-gcc | 1.0.9 | 38.47 | 61.90 | 100.37 | OK | |
r-devel-linux-x86_64-fedora-clang | 1.0.9 | 204.20 | NOTE | |||
r-devel-linux-x86_64-fedora-gcc | 1.0.9 | 187.87 | NOTE | |||
r-devel-windows-x86_64 | 1.0.9 | 365.00 | 8.00 | 373.00 | ERROR | |
r-patched-linux-x86_64 | 1.0.9 | 51.77 | 76.92 | 128.69 | OK | |
r-release-linux-x86_64 | 1.0.9 | OK | ||||
r-release-macos-arm64 | 1.0.9 | 80.00 | NOTE | |||
r-release-macos-x86_64 | 1.0.9 | 112.00 | NOTE | |||
r-release-windows-x86_64 | 1.0.9 | 925.00 | 237.00 | 1162.00 | NOTE | |
r-oldrel-macos-arm64 | 1.0.9 | 81.00 | NOTE | |||
r-oldrel-macos-x86_64 | 1.0.9 | 109.00 | NOTE | |||
r-oldrel-windows-ix86+x86_64 | 1.0.9 | 135.00 | 149.00 | 284.00 | NOTE |
Version: 1.0.9
Check: installed package size
Result: NOTE
installed size is 12.8Mb
sub-directories of 1Mb or more:
doc 1.2Mb
include 6.4Mb
libs 3.1Mb
tinytest 1.0Mb
Flavors: r-devel-linux-x86_64-fedora-clang, r-release-macos-arm64, r-release-macos-x86_64, r-release-windows-x86_64, r-oldrel-macos-arm64, r-oldrel-macos-x86_64, r-oldrel-windows-ix86+x86_64
Version: 1.0.9
Check: foreign function calls
Result: NOTE
Registration problem:
symbol ‘symbol’ in the local frame:
.Call(symbol)
See chapter ‘System and foreign language interfaces’ in the ‘Writing R
Extensions’ manual.
Flavors: r-devel-linux-x86_64-fedora-clang, r-devel-linux-x86_64-fedora-gcc
Version: 1.0.9
Check: whether package can be installed
Result: ERROR
Installation failed.
Flavor: r-devel-windows-x86_64