CRAN Package Check Results for Package RcmdrPlugin.HH

Last updated on 2022-08-12 06:49:29 CEST.

Flavor Version Tinstall Tcheck Ttotal Status Flags
r-devel-linux-x86_64-debian-clang 1.1-47 27.14 182.63 209.77 OK
r-devel-linux-x86_64-debian-gcc 1.1-47 21.04 132.49 153.53 OK
r-devel-linux-x86_64-fedora-clang 1.1-47 270.20 NOTE
r-devel-linux-x86_64-fedora-gcc 1.1-47 275.15 OK
r-devel-windows-x86_64 1.1-47 68.00 199.00 267.00 OK
r-patched-linux-x86_64 1.1-47 28.65 181.18 209.83 OK
r-release-linux-x86_64 1.1-47 27.92 185.05 212.97 OK
r-release-macos-arm64 1.1-47 84.00 OK
r-release-macos-x86_64 1.1-47 188.00 OK
r-release-windows-x86_64 1.1-47 63.00 184.00 247.00 OK
r-oldrel-macos-arm64 1.1-47 83.00 OK
r-oldrel-macos-x86_64 1.1-47 169.00 OK
r-oldrel-windows-ix86+x86_64 1.1-47 53.00 196.00 249.00 OK

Check Details

Version: 1.1-47
Check: Rd cross-references
Result: NOTE
    Undeclared packages ‘car’, ‘leaps’, ‘latticeExtra’, ‘rgl’ in Rd xrefs
Flavor: r-devel-linux-x86_64-fedora-clang