CRAN Package Check Results for Package RationalExp

Last updated on 2022-08-12 06:49:29 CEST.

Flavor Version Tinstall Tcheck Ttotal Status Flags
r-devel-linux-x86_64-debian-clang 0.2.2 2.05 35.87 37.92 NOTE
r-devel-linux-x86_64-debian-gcc 0.2.2 2.14 28.33 30.47 NOTE
r-devel-linux-x86_64-fedora-clang 0.2.2 60.30 NOTE
r-devel-linux-x86_64-fedora-gcc 0.2.2 58.20 NOTE
r-devel-windows-x86_64 0.2.2 18.00 83.00 101.00 NOTE
r-patched-linux-x86_64 0.2.2 2.35 34.96 37.31 NOTE
r-release-linux-x86_64 0.2.2 2.43 34.98 37.41 NOTE
r-release-macos-arm64 0.2.2 24.00 NOTE
r-release-macos-x86_64 0.2.2 27.00 NOTE
r-release-windows-x86_64 0.2.2 16.00 82.00 98.00 NOTE
r-oldrel-macos-arm64 0.2.2 29.00 NOTE
r-oldrel-macos-x86_64 0.2.2 37.00 NOTE
r-oldrel-windows-ix86+x86_64 0.2.2 11.00 71.00 82.00 NOTE

Check Details

Version: 0.2.2
Check: LazyData
Result: NOTE
     'LazyData' is specified without a 'data' directory
Flavors: r-devel-linux-x86_64-debian-clang, r-devel-linux-x86_64-debian-gcc, r-devel-linux-x86_64-fedora-clang, r-devel-linux-x86_64-fedora-gcc, r-devel-windows-x86_64, r-patched-linux-x86_64, r-release-linux-x86_64, r-release-macos-arm64, r-release-macos-x86_64, r-release-windows-x86_64, r-oldrel-macos-arm64, r-oldrel-macos-x86_64, r-oldrel-windows-ix86+x86_64