CRAN Package Check Results for Package RanglaPunjab

Last updated on 2022-08-12 06:49:29 CEST.

Flavor Version Tinstall Tcheck Ttotal Status Flags
r-devel-linux-x86_64-debian-clang 2.3.4 11.73 89.82 101.55 NOTE
r-devel-linux-x86_64-debian-gcc 2.3.4 9.87 66.66 76.53 NOTE
r-devel-linux-x86_64-fedora-clang 2.3.4 128.99 NOTE
r-devel-linux-x86_64-fedora-gcc 2.3.4 126.11 NOTE
r-devel-windows-x86_64 2.3.4 29.00 112.00 141.00 NOTE
r-patched-linux-x86_64 2.3.4 9.20 82.37 91.57 NOTE
r-release-linux-x86_64 2.3.4 9.29 82.76 92.05 NOTE
r-release-macos-arm64 2.3.4 34.00 NOTE
r-release-macos-x86_64 2.3.4 58.00 NOTE
r-release-windows-x86_64 2.3.4 30.00 115.00 145.00 NOTE
r-oldrel-macos-arm64 2.3.4 40.00 NOTE
r-oldrel-macos-x86_64 2.3.4 64.00 NOTE
r-oldrel-windows-ix86+x86_64 2.3.4 28.00 111.00 139.00 NOTE

Check Details

Version: 2.3.4
Check: LazyData
Result: NOTE
     'LazyData' is specified without a 'data' directory
Flavors: r-devel-linux-x86_64-debian-clang, r-devel-linux-x86_64-debian-gcc, r-devel-linux-x86_64-fedora-clang, r-devel-linux-x86_64-fedora-gcc, r-devel-windows-x86_64, r-patched-linux-x86_64, r-release-linux-x86_64, r-release-macos-arm64, r-release-macos-x86_64, r-release-windows-x86_64, r-oldrel-macos-arm64, r-oldrel-macos-x86_64, r-oldrel-windows-ix86+x86_64