CRAN Package Check Results for Package RadOnc

Last updated on 2022-07-03 07:52:02 CEST.

Flavor Version Tinstall Tcheck Ttotal Status Flags
r-devel-linux-x86_64-debian-clang 1.1.6 14.87 98.41 113.28 OK
r-devel-linux-x86_64-debian-gcc 1.1.6 11.37 54.94 66.31 ERROR
r-devel-linux-x86_64-fedora-clang 1.1.6 119.66 ERROR
r-devel-linux-x86_64-fedora-gcc 1.1.6 118.29 ERROR
r-devel-windows-x86_64 1.1.6 36.00 92.00 128.00 ERROR
r-patched-linux-x86_64 1.1.6 21.10 100.98 122.08 OK
r-release-linux-x86_64 1.1.6 17.81 102.02 119.83 OK
r-release-macos-arm64 1.1.6 78.00 NOTE
r-release-macos-x86_64 1.1.6 122.00 NOTE
r-release-windows-x86_64 1.1.6 37.00 139.00 176.00 NOTE
r-oldrel-macos-arm64 1.1.6 78.00 NOTE
r-oldrel-macos-x86_64 1.1.6 112.00 NOTE
r-oldrel-windows-ix86+x86_64 1.1.6 25.00 124.00 149.00 NOTE

Check Details

Version: 1.1.6
Check: re-building of vignette outputs
Result: ERROR
    Error(s) in re-building vignettes:
     ...
    --- re-building ‘RadOnc.Rnw’ using Sweave
    Loading required package: oro.dicom
    oro.dicom 0.5.3
    Loading required package: ptinpoly
    Loading required package: misc3d
    Warning in grep("^Structure: ", data, perl = TRUE) :
     input string 1063 is invalid UTF-8
    Warning in grep("^Structure: ", data, perl = TRUE) :
     input string 1076 is invalid UTF-8
    Warning in grep("^Structure: ", data, perl = TRUE) :
     input string 2108 is invalid UTF-8
    Warning in grep("^Structure: ", data, perl = TRUE) :
     input string 2121 is invalid UTF-8
    Warning in grep("^Structure: ", data, perl = TRUE) :
     input string 3153 is invalid UTF-8
    Warning in grep("^Structure.*: ", data, ignore.case = TRUE, perl = TRUE) :
     input string 5 is invalid UTF-8
    Warning in grep("^Structure.*: ", data, ignore.case = TRUE, perl = TRUE) :
     input string 18 is invalid UTF-8
    Warning in FUN(X[[i]], ...) :
     Invalid DVH file format, could not extract structure volume information
    Warning in grep("^Structure.*: ", data, ignore.case = TRUE, perl = TRUE) :
     input string 5 is invalid UTF-8
    Warning in grep("^Structure.*: ", data, ignore.case = TRUE, perl = TRUE) :
     input string 18 is invalid UTF-8
    Warning in FUN(X[[i]], ...) :
     Invalid DVH file format, could not extract structure volume information
    Warning in grep("^Structure.*: ", data, ignore.case = TRUE, perl = TRUE) :
     input string 5 is invalid UTF-8
    Warning in grep("^Structure.*: ", data, ignore.case = TRUE, perl = TRUE) :
     input string 18 is invalid UTF-8
    Warning in FUN(X[[i]], ...) :
     Invalid DVH file format, could not extract structure volume information
    Warning in grep("^Structure.*: ", data, ignore.case = TRUE, perl = TRUE) :
     input string 5 is invalid UTF-8
    Warning in grep("^Structure.*: ", data, ignore.case = TRUE, perl = TRUE) :
     input string 18 is invalid UTF-8
    Warning in FUN(X[[i]], ...) :
     Invalid DVH file format, could not extract structure volume information
    Warning in grep("^Structure.*: ", data, ignore.case = TRUE, perl = TRUE) :
     input string 5 is invalid UTF-8
    Warning in grep("^Structure.*: ", data, ignore.case = TRUE, perl = TRUE) :
     input string 18 is invalid UTF-8
    Warning in FUN(X[[i]], ...) :
     Invalid DVH file format, could not extract structure volume information
    Warning in grep("^Structure.*: ", data, ignore.case = TRUE, perl = TRUE) :
     input string 5 is invalid UTF-8
    Warning in grep("^Structure.*: ", data, ignore.case = TRUE, perl = TRUE) :
     input string 18 is invalid UTF-8
    Warning in FUN(X[[i]], ...) :
     Invalid DVH file format, could not extract structure volume information
    Warning in grep("^Structure.*: ", data, ignore.case = TRUE, perl = TRUE) :
     input string 5 is invalid UTF-8
    Warning in grep("^Structure.*: ", data, ignore.case = TRUE, perl = TRUE) :
     input string 18 is invalid UTF-8
    Warning in FUN(X[[i]], ...) :
     Invalid DVH file format, could not extract structure volume information
    Warning in grep("^Structure.*: ", data, ignore.case = TRUE, perl = TRUE) :
     input string 5 is invalid UTF-8
    Warning in grep("^Structure.*: ", data, ignore.case = TRUE, perl = TRUE) :
     input string 18 is invalid UTF-8
    Warning in FUN(X[[i]], ...) :
     Invalid DVH file format, could not extract structure volume information
    Warning in grep("^Structure.*: ", data, ignore.case = TRUE, perl = TRUE) :
     input string 5 is invalid UTF-8
    Warning in grep("^Structure.*: ", data, ignore.case = TRUE, perl = TRUE) :
     input string 18 is invalid UTF-8
    Warning in FUN(X[[i]], ...) :
     Invalid DVH file format, could not extract structure volume information
    Warning in grep("^Structure: ", data, perl = TRUE) :
     input string 1170 is invalid UTF-8
    Warning in grep("^Structure: ", data, perl = TRUE) :
     input string 2322 is invalid UTF-8
    Warning in grep("^Structure: ", data, perl = TRUE) :
     input string 3474 is invalid UTF-8
    Warning in grep("^Structure: ", data, perl = TRUE) :
     input string 4626 is invalid UTF-8
    Warning in grep("^Structure: ", data, perl = TRUE) :
     input string 5778 is invalid UTF-8
    Warning in grep("^Structure.*: ", data, ignore.case = TRUE, perl = TRUE) :
     input string 5 is invalid UTF-8
    Warning in FUN(X[[i]], ...) :
     Invalid DVH file format, could not extract structure volume information
    Warning in grep("^Structure.*: ", data, ignore.case = TRUE, perl = TRUE) :
     input string 5 is invalid UTF-8
    Warning in FUN(X[[i]], ...) :
     Invalid DVH file format, could not extract structure volume information
    Warning in grep("^Structure.*: ", data, ignore.case = TRUE, perl = TRUE) :
     input string 5 is invalid UTF-8
    Warning in FUN(X[[i]], ...) :
     Invalid DVH file format, could not extract structure volume information
    Warning in grep("^Structure.*: ", data, ignore.case = TRUE, perl = TRUE) :
     input string 5 is invalid UTF-8
    Warning in FUN(X[[i]], ...) :
     Invalid DVH file format, could not extract structure volume information
    Warning in grep("^Structure.*: ", data, ignore.case = TRUE, perl = TRUE) :
     input string 5 is invalid UTF-8
    Warning in FUN(X[[i]], ...) :
     Invalid DVH file format, could not extract structure volume information
    Warning in grep("^Structure.*: ", data, ignore.case = TRUE, perl = TRUE) :
     input string 5 is invalid UTF-8
    Warning in FUN(X[[i]], ...) :
     Invalid DVH file format, could not extract structure volume information
    Warning in grep("^Structure.*: ", data, ignore.case = TRUE, perl = TRUE) :
     input string 5 is invalid UTF-8
    Warning in FUN(X[[i]], ...) :
     Invalid DVH file format, could not extract structure volume information
    Warning in grep("^Structure.*: ", data, ignore.case = TRUE, perl = TRUE) :
     input string 5 is invalid UTF-8
    Warning in FUN(X[[i]], ...) :
     Invalid DVH file format, could not extract structure volume information
    Warning in grep("^Structure.*: ", data, ignore.case = TRUE, perl = TRUE) :
     input string 5 is invalid UTF-8
    Warning in FUN(X[[i]], ...) :
     Invalid DVH file format, could not extract structure volume information
    Warning in grep("^Structure: ", data, perl = TRUE) :
     input string 1170 is invalid UTF-8
    Warning in grep("^Structure: ", data, perl = TRUE) :
     input string 2322 is invalid UTF-8
    Warning in grep("^Structure: ", data, perl = TRUE) :
     input string 3474 is invalid UTF-8
    Warning in grep("^Structure: ", data, perl = TRUE) :
     input string 4626 is invalid UTF-8
    Warning in grep("^Structure: ", data, perl = TRUE) :
     input string 5778 is invalid UTF-8
    Warning in grep("^Structure.*: ", data, ignore.case = TRUE, perl = TRUE) :
     input string 5 is invalid UTF-8
    Warning in FUN(X[[i]], ...) :
     Invalid DVH file format, could not extract structure volume information
    Warning in grep("^Structure.*: ", data, ignore.case = TRUE, perl = TRUE) :
     input string 5 is invalid UTF-8
    Warning in FUN(X[[i]], ...) :
     Invalid DVH file format, could not extract structure volume information
    Warning in grep("^Structure.*: ", data, ignore.case = TRUE, perl = TRUE) :
     input string 5 is invalid UTF-8
    Warning in FUN(X[[i]], ...) :
     Invalid DVH file format, could not extract structure volume information
    Warning in grep("^Structure.*: ", data, ignore.case = TRUE, perl = TRUE) :
     input string 5 is invalid UTF-8
    Warning in FUN(X[[i]], ...) :
     Invalid DVH file format, could not extract structure volume information
    Warning in grep("^Structure.*: ", data, ignore.case = TRUE, perl = TRUE) :
     input string 5 is invalid UTF-8
    Warning in FUN(X[[i]], ...) :
     Invalid DVH file format, could not extract structure volume information
    Warning in grep("^Structure.*: ", data, ignore.case = TRUE, perl = TRUE) :
     input string 5 is invalid UTF-8
    Warning in FUN(X[[i]], ...) :
     Invalid DVH file format, could not extract structure volume information
    Warning in grep("^Structure.*: ", data, ignore.case = TRUE, perl = TRUE) :
     input string 5 is invalid UTF-8
    Warning in FUN(X[[i]], ...) :
     Invalid DVH file format, could not extract structure volume information
    Warning in grep("^Structure.*: ", data, ignore.case = TRUE, perl = TRUE) :
     input string 5 is invalid UTF-8
    Warning in FUN(X[[i]], ...) :
     Invalid DVH file format, could not extract structure volume information
    Warning in grep("^Structure.*: ", data, ignore.case = TRUE, perl = TRUE) :
     input string 5 is invalid UTF-8
    Warning in FUN(X[[i]], ...) :
     Invalid DVH file format, could not extract structure volume information
    Warning in grep("^Structure: ", data, perl = TRUE) :
     input string 1063 is invalid UTF-8
    Warning in grep("^Structure: ", data, perl = TRUE) :
     input string 1076 is invalid UTF-8
    Warning in grep("^Structure: ", data, perl = TRUE) :
     input string 2108 is invalid UTF-8
    Warning in grep("^Structure: ", data, perl = TRUE) :
     input string 2121 is invalid UTF-8
    Warning in grep("^Structure: ", data, perl = TRUE) :
     input string 3153 is invalid UTF-8
    Warning in grep("^Structure.*: ", data, ignore.case = TRUE, perl = TRUE) :
     input string 5 is invalid UTF-8
    Warning in grep("^Structure.*: ", data, ignore.case = TRUE, perl = TRUE) :
     input string 18 is invalid UTF-8
    Warning in FUN(X[[i]], ...) :
     Invalid DVH file format, could not extract structure volume information
    Warning in grep("^Structure.*: ", data, ignore.case = TRUE, perl = TRUE) :
     input string 5 is invalid UTF-8
    Warning in grep("^Structure.*: ", data, ignore.case = TRUE, perl = TRUE) :
     input string 18 is invalid UTF-8
    Warning in FUN(X[[i]], ...) :
     Invalid DVH file format, could not extract structure volume information
    Warning in grep("^Structure.*: ", data, ignore.case = TRUE, perl = TRUE) :
     input string 5 is invalid UTF-8
    Warning in grep("^Structure.*: ", data, ignore.case = TRUE, perl = TRUE) :
     input string 18 is invalid UTF-8
    Warning in FUN(X[[i]], ...) :
     Invalid DVH file format, could not extract structure volume information
    Warning in grep("^Structure.*: ", data, ignore.case = TRUE, perl = TRUE) :
     input string 5 is invalid UTF-8
    Warning in grep("^Structure.*: ", data, ignore.case = TRUE, perl = TRUE) :
     input string 18 is invalid UTF-8
    Warning in FUN(X[[i]], ...) :
     Invalid DVH file format, could not extract structure volume information
    Warning in grep("^Structure.*: ", data, ignore.case = TRUE, perl = TRUE) :
     input string 5 is invalid UTF-8
    Warning in grep("^Structure.*: ", data, ignore.case = TRUE, perl = TRUE) :
     input string 18 is invalid UTF-8
    Warning in FUN(X[[i]], ...) :
     Invalid DVH file format, could not extract structure volume information
    Warning in grep("^Structure.*: ", data, ignore.case = TRUE, perl = TRUE) :
     input string 5 is invalid UTF-8
    Warning in grep("^Structure.*: ", data, ignore.case = TRUE, perl = TRUE) :
     input string 18 is invalid UTF-8
    Warning in FUN(X[[i]], ...) :
     Invalid DVH file format, could not extract structure volume information
    Warning in grep("^Structure.*: ", data, ignore.case = TRUE, perl = TRUE) :
     input string 5 is invalid UTF-8
    Warning in grep("^Structure.*: ", data, ignore.case = TRUE, perl = TRUE) :
     input string 18 is invalid UTF-8
    Warning in FUN(X[[i]], ...) :
     Invalid DVH file format, could not extract structure volume information
    Warning in grep("^Structure.*: ", data, ignore.case = TRUE, perl = TRUE) :
     input string 5 is invalid UTF-8
    Warning in grep("^Structure.*: ", data, ignore.case = TRUE, perl = TRUE) :
     input string 18 is invalid UTF-8
    Warning in FUN(X[[i]], ...) :
     Invalid DVH file format, could not extract structure volume information
    Warning in grep("^Structure.*: ", data, ignore.case = TRUE, perl = TRUE) :
     input string 5 is invalid UTF-8
    Warning in grep("^Structure.*: ", data, ignore.case = TRUE, perl = TRUE) :
     input string 18 is invalid UTF-8
    Warning in FUN(X[[i]], ...) :
     Invalid DVH file format, could not extract structure volume information
    
    Error: processing vignette ‘RadOnc.Rnw’ failed with diagnostics:
     chunk 13
    Error in .local(x, i, ..., value) :
     'value' must be an object of class 'DVH' or 'zDVH'
    
    --- failed re-building ‘RadOnc.Rnw’
    
    SUMMARY: processing the following file failed:
     ‘RadOnc.Rnw’
    
    Error: Vignette re-building failed.
    Execution halted
Flavor: r-devel-linux-x86_64-debian-gcc

Version: 1.1.6
Check: installed package size
Result: NOTE
     installed size is 5.2Mb
     sub-directories of 1Mb or more:
     data 2.3Mb
     extdata 1.4Mb
Flavors: r-devel-linux-x86_64-fedora-clang, r-devel-windows-x86_64, r-release-macos-arm64, r-release-macos-x86_64, r-release-windows-x86_64, r-oldrel-macos-arm64, r-oldrel-macos-x86_64, r-oldrel-windows-ix86+x86_64

Version: 1.1.6
Check: re-building of vignette outputs
Result: ERROR
    Error(s) in re-building vignettes:
    --- re-building ‘RadOnc.Rnw’ using Sweave
    Loading required package: oro.dicom
    oro.dicom 0.5.3
    Loading required package: ptinpoly
    Loading required package: misc3d
    Warning in grep("^Structure: ", data, perl = TRUE) :
     input string 1063 is invalid UTF-8
    Warning in grep("^Structure: ", data, perl = TRUE) :
     input string 1076 is invalid UTF-8
    Warning in grep("^Structure: ", data, perl = TRUE) :
     input string 2108 is invalid UTF-8
    Warning in grep("^Structure: ", data, perl = TRUE) :
     input string 2121 is invalid UTF-8
    Warning in grep("^Structure: ", data, perl = TRUE) :
     input string 3153 is invalid UTF-8
    Warning in grep("^Structure.*: ", data, ignore.case = TRUE, perl = TRUE) :
     input string 5 is invalid UTF-8
    Warning in grep("^Structure.*: ", data, ignore.case = TRUE, perl = TRUE) :
     input string 18 is invalid UTF-8
    Warning in FUN(X[[i]], ...) :
     Invalid DVH file format, could not extract structure volume information
    Warning in grep("^Structure.*: ", data, ignore.case = TRUE, perl = TRUE) :
     input string 5 is invalid UTF-8
    Warning in grep("^Structure.*: ", data, ignore.case = TRUE, perl = TRUE) :
     input string 18 is invalid UTF-8
    Warning in FUN(X[[i]], ...) :
     Invalid DVH file format, could not extract structure volume information
    Warning in grep("^Structure.*: ", data, ignore.case = TRUE, perl = TRUE) :
     input string 5 is invalid UTF-8
    Warning in grep("^Structure.*: ", data, ignore.case = TRUE, perl = TRUE) :
     input string 18 is invalid UTF-8
    Warning in FUN(X[[i]], ...) :
     Invalid DVH file format, could not extract structure volume information
    Warning in grep("^Structure.*: ", data, ignore.case = TRUE, perl = TRUE) :
     input string 5 is invalid UTF-8
    Warning in grep("^Structure.*: ", data, ignore.case = TRUE, perl = TRUE) :
     input string 18 is invalid UTF-8
    Warning in FUN(X[[i]], ...) :
     Invalid DVH file format, could not extract structure volume information
    Warning in grep("^Structure.*: ", data, ignore.case = TRUE, perl = TRUE) :
     input string 5 is invalid UTF-8
    Warning in grep("^Structure.*: ", data, ignore.case = TRUE, perl = TRUE) :
     input string 18 is invalid UTF-8
    Warning in FUN(X[[i]], ...) :
     Invalid DVH file format, could not extract structure volume information
    Warning in grep("^Structure.*: ", data, ignore.case = TRUE, perl = TRUE) :
     input string 5 is invalid UTF-8
    Warning in grep("^Structure.*: ", data, ignore.case = TRUE, perl = TRUE) :
     input string 18 is invalid UTF-8
    Warning in FUN(X[[i]], ...) :
     Invalid DVH file format, could not extract structure volume information
    Warning in grep("^Structure.*: ", data, ignore.case = TRUE, perl = TRUE) :
     input string 5 is invalid UTF-8
    Warning in grep("^Structure.*: ", data, ignore.case = TRUE, perl = TRUE) :
     input string 18 is invalid UTF-8
    Warning in FUN(X[[i]], ...) :
     Invalid DVH file format, could not extract structure volume information
    Warning in grep("^Structure.*: ", data, ignore.case = TRUE, perl = TRUE) :
     input string 5 is invalid UTF-8
    Warning in grep("^Structure.*: ", data, ignore.case = TRUE, perl = TRUE) :
     input string 18 is invalid UTF-8
    Warning in FUN(X[[i]], ...) :
     Invalid DVH file format, could not extract structure volume information
    Warning in grep("^Structure.*: ", data, ignore.case = TRUE, perl = TRUE) :
     input string 5 is invalid UTF-8
    Warning in grep("^Structure.*: ", data, ignore.case = TRUE, perl = TRUE) :
     input string 18 is invalid UTF-8
    Warning in FUN(X[[i]], ...) :
     Invalid DVH file format, could not extract structure volume information
    Warning in grep("^Structure: ", data, perl = TRUE) :
     input string 1170 is invalid UTF-8
    Warning in grep("^Structure: ", data, perl = TRUE) :
     input string 2322 is invalid UTF-8
    Warning in grep("^Structure: ", data, perl = TRUE) :
     input string 3474 is invalid UTF-8
    Warning in grep("^Structure: ", data, perl = TRUE) :
     input string 4626 is invalid UTF-8
    Warning in grep("^Structure: ", data, perl = TRUE) :
     input string 5778 is invalid UTF-8
    Warning in grep("^Structure.*: ", data, ignore.case = TRUE, perl = TRUE) :
     input string 5 is invalid UTF-8
    Warning in FUN(X[[i]], ...) :
     Invalid DVH file format, could not extract structure volume information
    Warning in grep("^Structure.*: ", data, ignore.case = TRUE, perl = TRUE) :
     input string 5 is invalid UTF-8
    Warning in FUN(X[[i]], ...) :
     Invalid DVH file format, could not extract structure volume information
    Warning in grep("^Structure.*: ", data, ignore.case = TRUE, perl = TRUE) :
     input string 5 is invalid UTF-8
    Warning in FUN(X[[i]], ...) :
     Invalid DVH file format, could not extract structure volume information
    Warning in grep("^Structure.*: ", data, ignore.case = TRUE, perl = TRUE) :
     input string 5 is invalid UTF-8
    Warning in FUN(X[[i]], ...) :
     Invalid DVH file format, could not extract structure volume information
    Warning in grep("^Structure.*: ", data, ignore.case = TRUE, perl = TRUE) :
     input string 5 is invalid UTF-8
    Warning in FUN(X[[i]], ...) :
     Invalid DVH file format, could not extract structure volume information
    Warning in grep("^Structure.*: ", data, ignore.case = TRUE, perl = TRUE) :
     input string 5 is invalid UTF-8
    Warning in FUN(X[[i]], ...) :
     Invalid DVH file format, could not extract structure volume information
    Warning in grep("^Structure.*: ", data, ignore.case = TRUE, perl = TRUE) :
     input string 5 is invalid UTF-8
    Warning in FUN(X[[i]], ...) :
     Invalid DVH file format, could not extract structure volume information
    Warning in grep("^Structure.*: ", data, ignore.case = TRUE, perl = TRUE) :
     input string 5 is invalid UTF-8
    Warning in FUN(X[[i]], ...) :
     Invalid DVH file format, could not extract structure volume information
    Warning in grep("^Structure.*: ", data, ignore.case = TRUE, perl = TRUE) :
     input string 5 is invalid UTF-8
    Warning in FUN(X[[i]], ...) :
     Invalid DVH file format, could not extract structure volume information
    Warning in grep("^Structure: ", data, perl = TRUE) :
     input string 1170 is invalid UTF-8
    Warning in grep("^Structure: ", data, perl = TRUE) :
     input string 2322 is invalid UTF-8
    Warning in grep("^Structure: ", data, perl = TRUE) :
     input string 3474 is invalid UTF-8
    Warning in grep("^Structure: ", data, perl = TRUE) :
     input string 4626 is invalid UTF-8
    Warning in grep("^Structure: ", data, perl = TRUE) :
     input string 5778 is invalid UTF-8
    Warning in grep("^Structure.*: ", data, ignore.case = TRUE, perl = TRUE) :
     input string 5 is invalid UTF-8
    Warning in FUN(X[[i]], ...) :
     Invalid DVH file format, could not extract structure volume information
    Warning in grep("^Structure.*: ", data, ignore.case = TRUE, perl = TRUE) :
     input string 5 is invalid UTF-8
    Warning in FUN(X[[i]], ...) :
     Invalid DVH file format, could not extract structure volume information
    Warning in grep("^Structure.*: ", data, ignore.case = TRUE, perl = TRUE) :
     input string 5 is invalid UTF-8
    Warning in FUN(X[[i]], ...) :
     Invalid DVH file format, could not extract structure volume information
    Warning in grep("^Structure.*: ", data, ignore.case = TRUE, perl = TRUE) :
     input string 5 is invalid UTF-8
    Warning in FUN(X[[i]], ...) :
     Invalid DVH file format, could not extract structure volume information
    Warning in grep("^Structure.*: ", data, ignore.case = TRUE, perl = TRUE) :
     input string 5 is invalid UTF-8
    Warning in FUN(X[[i]], ...) :
     Invalid DVH file format, could not extract structure volume information
    Warning in grep("^Structure.*: ", data, ignore.case = TRUE, perl = TRUE) :
     input string 5 is invalid UTF-8
    Warning in FUN(X[[i]], ...) :
     Invalid DVH file format, could not extract structure volume information
    Warning in grep("^Structure.*: ", data, ignore.case = TRUE, perl = TRUE) :
     input string 5 is invalid UTF-8
    Warning in FUN(X[[i]], ...) :
     Invalid DVH file format, could not extract structure volume information
    Warning in grep("^Structure.*: ", data, ignore.case = TRUE, perl = TRUE) :
     input string 5 is invalid UTF-8
    Warning in FUN(X[[i]], ...) :
     Invalid DVH file format, could not extract structure volume information
    Warning in grep("^Structure.*: ", data, ignore.case = TRUE, perl = TRUE) :
     input string 5 is invalid UTF-8
    Warning in FUN(X[[i]], ...) :
     Invalid DVH file format, could not extract structure volume information
    Warning in grep("^Structure: ", data, perl = TRUE) :
     input string 1063 is invalid UTF-8
    Warning in grep("^Structure: ", data, perl = TRUE) :
     input string 1076 is invalid UTF-8
    Warning in grep("^Structure: ", data, perl = TRUE) :
     input string 2108 is invalid UTF-8
    Warning in grep("^Structure: ", data, perl = TRUE) :
     input string 2121 is invalid UTF-8
    Warning in grep("^Structure: ", data, perl = TRUE) :
     input string 3153 is invalid UTF-8
    Warning in grep("^Structure.*: ", data, ignore.case = TRUE, perl = TRUE) :
     input string 5 is invalid UTF-8
    Warning in grep("^Structure.*: ", data, ignore.case = TRUE, perl = TRUE) :
     input string 18 is invalid UTF-8
    Warning in FUN(X[[i]], ...) :
     Invalid DVH file format, could not extract structure volume information
    Warning in grep("^Structure.*: ", data, ignore.case = TRUE, perl = TRUE) :
     input string 5 is invalid UTF-8
    Warning in grep("^Structure.*: ", data, ignore.case = TRUE, perl = TRUE) :
     input string 18 is invalid UTF-8
    Warning in FUN(X[[i]], ...) :
     Invalid DVH file format, could not extract structure volume information
    Warning in grep("^Structure.*: ", data, ignore.case = TRUE, perl = TRUE) :
     input string 5 is invalid UTF-8
    Warning in grep("^Structure.*: ", data, ignore.case = TRUE, perl = TRUE) :
     input string 18 is invalid UTF-8
    Warning in FUN(X[[i]], ...) :
     Invalid DVH file format, could not extract structure volume information
    Warning in grep("^Structure.*: ", data, ignore.case = TRUE, perl = TRUE) :
     input string 5 is invalid UTF-8
    Warning in grep("^Structure.*: ", data, ignore.case = TRUE, perl = TRUE) :
     input string 18 is invalid UTF-8
    Warning in FUN(X[[i]], ...) :
     Invalid DVH file format, could not extract structure volume information
    Warning in grep("^Structure.*: ", data, ignore.case = TRUE, perl = TRUE) :
     input string 5 is invalid UTF-8
    Warning in grep("^Structure.*: ", data, ignore.case = TRUE, perl = TRUE) :
     input string 18 is invalid UTF-8
    Warning in FUN(X[[i]], ...) :
     Invalid DVH file format, could not extract structure volume information
    Warning in grep("^Structure.*: ", data, ignore.case = TRUE, perl = TRUE) :
     input string 5 is invalid UTF-8
    Warning in grep("^Structure.*: ", data, ignore.case = TRUE, perl = TRUE) :
     input string 18 is invalid UTF-8
    Warning in FUN(X[[i]], ...) :
     Invalid DVH file format, could not extract structure volume information
    Warning in grep("^Structure.*: ", data, ignore.case = TRUE, perl = TRUE) :
     input string 5 is invalid UTF-8
    Warning in grep("^Structure.*: ", data, ignore.case = TRUE, perl = TRUE) :
     input string 18 is invalid UTF-8
    Warning in FUN(X[[i]], ...) :
     Invalid DVH file format, could not extract structure volume information
    Warning in grep("^Structure.*: ", data, ignore.case = TRUE, perl = TRUE) :
     input string 5 is invalid UTF-8
    Warning in grep("^Structure.*: ", data, ignore.case = TRUE, perl = TRUE) :
     input string 18 is invalid UTF-8
    Warning in FUN(X[[i]], ...) :
     Invalid DVH file format, could not extract structure volume information
    Warning in grep("^Structure.*: ", data, ignore.case = TRUE, perl = TRUE) :
     input string 5 is invalid UTF-8
    Warning in grep("^Structure.*: ", data, ignore.case = TRUE, perl = TRUE) :
     input string 18 is invalid UTF-8
    Warning in FUN(X[[i]], ...) :
     Invalid DVH file format, could not extract structure volume information
    
    Error: processing vignette 'RadOnc.Rnw' failed with diagnostics:
     chunk 13
    Error in .local(x, i, ..., value) :
     'value' must be an object of class 'DVH' or 'zDVH'
    
    --- failed re-building ‘RadOnc.Rnw’
    
    SUMMARY: processing the following file failed:
     ‘RadOnc.Rnw’
    
    Error: Vignette re-building failed.
    Execution halted
Flavors: r-devel-linux-x86_64-fedora-clang, r-devel-linux-x86_64-fedora-gcc, r-devel-windows-x86_64