CRAN Package Check Results for Package RSurveillance

Last updated on 2022-05-24 07:52:31 CEST.

Flavor Version Tinstall Tcheck Ttotal Status Flags
r-devel-linux-x86_64-debian-clang 0.2.1 4.52 57.45 61.97 OK
r-devel-linux-x86_64-debian-gcc 0.2.1 3.31 43.12 46.43 OK
r-devel-linux-x86_64-fedora-clang 0.2.1 72.77 NOTE
r-devel-linux-x86_64-fedora-gcc 0.2.1 71.84 NOTE
r-devel-windows-x86_64 0.2.1 83.00 77.00 160.00 OK
r-patched-linux-x86_64 0.2.1 4.98 54.23 59.21 OK
r-release-linux-x86_64 0.2.1 OK
r-release-macos-arm64 0.2.1 21.00 NOTE
r-release-macos-x86_64 0.2.1 32.00 NOTE
r-release-windows-x86_64 0.2.1 54.00 77.00 131.00 OK
r-oldrel-macos-arm64 0.2.1 26.00 NOTE
r-oldrel-macos-x86_64 0.2.1 39.00 NOTE
r-oldrel-windows-ix86+x86_64 0.2.1 10.00 67.00 77.00 OK

Check Details

Version: 0.2.1
Check: dependencies in R code
Result: NOTE
    Namespace in Imports field not imported from: ‘mc2d’
     All declared Imports should be used.
Flavors: r-devel-linux-x86_64-fedora-clang, r-devel-linux-x86_64-fedora-gcc, r-release-macos-arm64, r-release-macos-x86_64, r-oldrel-macos-arm64, r-oldrel-macos-x86_64