Last updated on 2022-05-27 07:50:15 CEST.
Flavor | Version | Tinstall | Tcheck | Ttotal | Status | Flags |
---|---|---|---|---|---|---|
r-devel-linux-x86_64-debian-clang | 0.3.0 | 165.05 | 606.67 | 771.72 | OK | |
r-devel-linux-x86_64-debian-gcc | 0.3.0 | 133.46 | 448.31 | 581.77 | OK | |
r-devel-linux-x86_64-fedora-clang | 0.3.0 | 940.14 | NOTE | |||
r-devel-linux-x86_64-fedora-gcc | 0.3.0 | 897.21 | NOTE | |||
r-devel-windows-x86_64 | 0.3.0 | 192.00 | 649.00 | 841.00 | OK | |
r-patched-linux-x86_64 | 0.3.0 | 149.23 | 566.10 | 715.33 | OK | |
r-release-linux-x86_64 | 0.3.0 | 110.75 | 571.86 | 682.61 | OK | |
r-release-macos-arm64 | 0.3.0 | 216.00 | NOTE | |||
r-release-macos-x86_64 | 0.3.0 | 370.00 | NOTE | |||
r-release-windows-x86_64 | 0.3.0 | 187.00 | 626.00 | 813.00 | OK | |
r-oldrel-macos-arm64 | 0.3.0 | 173.00 | NOTE | |||
r-oldrel-macos-x86_64 | 0.3.0 | 275.00 | NOTE | |||
r-oldrel-windows-ix86+x86_64 | 0.3.0 | 388.00 | 1025.00 | 1413.00 | OK |
Version: 0.3.0
Check: dependencies in R code
Result: NOTE
Namespace in Imports field not imported from: ‘rgdal’
All declared Imports should be used.
Flavors: r-devel-linux-x86_64-fedora-clang, r-devel-linux-x86_64-fedora-gcc, r-release-macos-arm64, r-release-macos-x86_64, r-oldrel-macos-arm64, r-oldrel-macos-x86_64
Version: 0.3.0
Check: installed package size
Result: NOTE
installed size is 5.5Mb
sub-directories of 1Mb or more:
libs 4.0Mb
Flavors: r-release-macos-arm64, r-release-macos-x86_64, r-oldrel-macos-arm64, r-oldrel-macos-x86_64