Last updated on 2022-07-03 07:52:04 CEST.
Flavor | Version | Tinstall | Tcheck | Ttotal | Status | Flags |
---|---|---|---|---|---|---|
r-devel-linux-x86_64-debian-clang | 3.0 | 4.16 | 38.70 | 42.86 | NOTE | |
r-devel-linux-x86_64-debian-gcc | 3.0 | 3.06 | 29.16 | 32.22 | NOTE | |
r-devel-linux-x86_64-fedora-clang | 3.0 | 59.33 | NOTE | |||
r-devel-linux-x86_64-fedora-gcc | 3.0 | 65.27 | NOTE | |||
r-devel-windows-x86_64 | 3.0 | 17.00 | 58.00 | 75.00 | NOTE | |
r-patched-linux-x86_64 | 3.0 | 3.72 | 37.41 | 41.13 | NOTE | |
r-release-linux-x86_64 | 3.0 | 3.73 | 36.84 | 40.57 | NOTE | |
r-release-macos-arm64 | 3.0 | 16.00 | NOTE | |||
r-release-macos-x86_64 | 3.0 | 25.00 | NOTE | |||
r-release-windows-x86_64 | 3.0 | 9.00 | 57.00 | 66.00 | NOTE | |
r-oldrel-macos-arm64 | 3.0 | 18.00 | NOTE | |||
r-oldrel-macos-x86_64 | 3.0 | 35.00 | NOTE | |||
r-oldrel-windows-ix86+x86_64 | 3.0 | 8.00 | 48.00 | 56.00 | NOTE |
Version: 3.0
Check: LazyData
Result: NOTE
'LazyData' is specified without a 'data' directory
Flavors: r-devel-linux-x86_64-debian-clang, r-devel-linux-x86_64-debian-gcc, r-devel-linux-x86_64-fedora-clang, r-devel-linux-x86_64-fedora-gcc, r-devel-windows-x86_64, r-patched-linux-x86_64, r-release-linux-x86_64, r-release-macos-arm64, r-release-macos-x86_64, r-release-windows-x86_64, r-oldrel-macos-arm64, r-oldrel-macos-x86_64, r-oldrel-windows-ix86+x86_64