Last updated on 2022-05-23 06:49:58 CEST.
Flavor | Version | Tinstall | Tcheck | Ttotal | Status | Flags |
---|---|---|---|---|---|---|
r-devel-linux-x86_64-debian-clang | 1.4.4 | 163.37 | 75.85 | 239.22 | OK | |
r-devel-linux-x86_64-debian-gcc | 1.4.4 | 126.94 | 57.08 | 184.02 | OK | |
r-devel-linux-x86_64-fedora-clang | 1.4.4 | 355.68 | OK | |||
r-devel-linux-x86_64-fedora-gcc | 1.4.4 | 297.98 | OK | |||
r-devel-windows-x86_64 | 1.4.4 | 1205.00 | 358.00 | 1563.00 | OK | |
r-patched-linux-x86_64 | 1.4.4 | 147.07 | 71.57 | 218.64 | OK | |
r-release-linux-x86_64 | 1.4.4 | OK | ||||
r-release-macos-arm64 | 1.4.4 | 91.00 | NOTE | |||
r-release-macos-x86_64 | 1.4.4 | 132.00 | NOTE | |||
r-release-windows-x86_64 | 1.4.4 | 1369.00 | 354.00 | 1723.00 | OK | |
r-oldrel-macos-arm64 | 1.4.4 | 90.00 | NOTE | |||
r-oldrel-macos-x86_64 | 1.4.4 | 110.00 | NOTE | |||
r-oldrel-windows-ix86+x86_64 | 1.4.4 | 792.00 | 201.00 | 993.00 | NOTE |
Version: 1.4.4
Check: installed package size
Result: NOTE
installed size is 7.2Mb
sub-directories of 1Mb or more:
libs 6.7Mb
Flavors: r-release-macos-arm64, r-release-macos-x86_64, r-oldrel-macos-arm64, r-oldrel-macos-x86_64, r-oldrel-windows-ix86+x86_64