Last updated on 2022-07-06 06:53:00 CEST.
Flavor | Version | Tinstall | Tcheck | Ttotal | Status | Flags |
---|---|---|---|---|---|---|
r-devel-linux-x86_64-debian-clang | 1.0.8 | 17.32 | 130.59 | 147.91 | OK | |
r-devel-linux-x86_64-debian-gcc | 1.0.8 | 14.55 | 98.67 | 113.22 | OK | |
r-devel-linux-x86_64-fedora-clang | 1.0.8 | 185.85 | NOTE | |||
r-devel-linux-x86_64-fedora-gcc | 1.0.8 | 189.15 | NOTE | |||
r-devel-windows-x86_64 | 1.0.8 | 81.00 | 158.00 | 239.00 | OK | |
r-patched-linux-x86_64 | 1.0.8 | 18.00 | 125.29 | 143.29 | OK | |
r-release-linux-x86_64 | 1.0.8 | 17.99 | 124.15 | 142.14 | OK | |
r-release-macos-arm64 | 1.0.8 | 67.00 | NOTE | |||
r-release-macos-x86_64 | 1.0.8 | 72.00 | NOTE | |||
r-release-windows-x86_64 | 1.0.8 | 70.00 | 160.00 | 230.00 | OK | |
r-oldrel-macos-arm64 | 1.0.8 | 70.00 | NOTE | |||
r-oldrel-macos-x86_64 | 1.0.8 | 65.00 | NOTE | |||
r-oldrel-windows-ix86+x86_64 | 1.0.8 | 37.00 | 157.00 | 194.00 | OK |
Version: 1.0.8
Check: dependencies in R code
Result: NOTE
Namespaces in Imports field not imported from:
‘SparseM’ ‘nlme’ ‘timeDate’
All declared Imports should be used.
Flavors: r-devel-linux-x86_64-fedora-clang, r-devel-linux-x86_64-fedora-gcc, r-release-macos-arm64, r-release-macos-x86_64, r-oldrel-macos-arm64, r-oldrel-macos-x86_64