CRAN Package Check Results for Package ROCR

Last updated on 2022-07-07 06:50:04 CEST.

Flavor Version Tinstall Tcheck Ttotal Status Flags
r-devel-linux-x86_64-debian-clang 1.0-11 3.49 131.79 135.28 NOTE
r-devel-linux-x86_64-debian-gcc 1.0-11 3.40 99.12 102.52 NOTE
r-devel-linux-x86_64-fedora-clang 1.0-11 169.57 WARN
r-devel-linux-x86_64-fedora-gcc 1.0-11 160.94 WARN
r-devel-windows-x86_64 1.0-11 19.00 167.00 186.00 NOTE
r-patched-linux-x86_64 1.0-11 5.38 128.43 133.81 OK
r-release-linux-x86_64 1.0-11 4.83 118.40 123.23 OK
r-release-macos-arm64 1.0-11 49.00 OK
r-release-macos-x86_64 1.0-11 78.00 OK
r-release-windows-x86_64 1.0-11 23.00 165.00 188.00 OK
r-oldrel-macos-arm64 1.0-11 59.00 OK
r-oldrel-macos-x86_64 1.0-11 109.00 OK
r-oldrel-windows-ix86+x86_64 1.0-11 12.00 162.00 174.00 OK

Check Details

Version: 1.0-11
Check: Rd files
Result: NOTE
    checkRd: (-1) performance.Rd:35: Escaped LaTeX specials: \#
    checkRd: (-1) performance.Rd:36: Escaped LaTeX specials: \# \# \#
    checkRd: (-1) performance.Rd:37: Escaped LaTeX specials: \# \#
Flavors: r-devel-linux-x86_64-debian-clang, r-devel-linux-x86_64-debian-gcc, r-devel-linux-x86_64-fedora-clang, r-devel-linux-x86_64-fedora-gcc, r-devel-windows-x86_64

Version: 1.0-11
Check: package dependencies
Result: WARN
    Requires (indirectly) orphaned package: ‘gtools’
Flavors: r-devel-linux-x86_64-fedora-clang, r-devel-linux-x86_64-fedora-gcc