Last updated on 2022-07-05 07:51:05 CEST.
Flavor | Version | Tinstall | Tcheck | Ttotal | Status | Flags |
---|---|---|---|---|---|---|
r-devel-linux-x86_64-debian-clang | 2.6-1 | 21.65 | 42.51 | 64.16 | OK | |
r-devel-linux-x86_64-debian-gcc | 2.6-1 | 13.38 | 33.34 | 46.72 | OK | |
r-devel-linux-x86_64-fedora-clang | 2.6-1 | 86.97 | OK | |||
r-devel-linux-x86_64-fedora-gcc | 2.6-1 | 80.34 | OK | |||
r-devel-windows-x86_64 | 2.6-1 | 92.00 | 142.00 | 234.00 | NOTE | |
r-patched-linux-x86_64 | 2.6-1 | 13.96 | 40.40 | 54.36 | OK | |
r-release-linux-x86_64 | 2.6-1 | 12.64 | 41.03 | 53.67 | OK | |
r-release-macos-arm64 | 2.6-1 | 44.00 | NOTE | |||
r-release-macos-x86_64 | 2.6-1 | 58.00 | NOTE | |||
r-release-windows-x86_64 | 2.6-1 | 119.00 | 134.00 | 253.00 | NOTE | |
r-oldrel-macos-arm64 | 2.6-1 | 44.00 | NOTE | |||
r-oldrel-macos-x86_64 | 2.6-1 | 67.00 | NOTE | |||
r-oldrel-windows-ix86+x86_64 | 2.6-1 | 45.00 | 235.00 | 280.00 | NOTE |
Version: 2.6-1
Check: installed package size
Result: NOTE
installed size is 10.8Mb
sub-directories of 1Mb or more:
libs 10.4Mb
Flavors: r-devel-windows-x86_64, r-release-macos-arm64, r-release-macos-x86_64, r-release-windows-x86_64, r-oldrel-macos-arm64, r-oldrel-macos-x86_64, r-oldrel-windows-ix86+x86_64
Version: 2.6-1
Check: package dependencies
Result: NOTE
Package which this enhances but not available for checking: ‘pbdMPI’
Flavors: r-release-macos-arm64, r-release-macos-x86_64, r-oldrel-macos-arm64, r-oldrel-macos-x86_64
Version: 2.6-1
Check: Rd cross-references
Result: NOTE
Package unavailable to check Rd xrefs: ‘pbdMPI’
Flavors: r-release-macos-arm64, r-release-macos-x86_64, r-oldrel-macos-arm64, r-oldrel-macos-x86_64