Last updated on 2022-08-13 07:55:31 CEST.
Flavor | Version | Tinstall | Tcheck | Ttotal | Status | Flags |
---|---|---|---|---|---|---|
r-devel-linux-x86_64-debian-clang | 1.0.10 | 19.98 | 118.92 | 138.90 | OK | |
r-devel-linux-x86_64-debian-gcc | 1.0.10 | 13.19 | 86.11 | 99.30 | OK | |
r-devel-linux-x86_64-fedora-clang | 1.0.10 | 187.96 | NOTE | |||
r-devel-linux-x86_64-fedora-gcc | 1.0.10 | 187.23 | OK | |||
r-devel-windows-x86_64 | 1.0.10 | 23.00 | 127.00 | 150.00 | OK | |
r-patched-linux-x86_64 | 1.0.10 | 30.07 | 128.32 | 158.39 | OK | |
r-release-linux-x86_64 | 1.0.10 | 16.94 | 131.51 | 148.45 | OK | |
r-release-macos-arm64 | 1.0.10 | 85.00 | OK | |||
r-release-macos-x86_64 | 1.0.10 | 150.00 | OK | |||
r-release-windows-x86_64 | 1.0.10 | 25.00 | 123.00 | 148.00 | OK | |
r-oldrel-macos-arm64 | 1.0.10 | 73.00 | OK | |||
r-oldrel-macos-x86_64 | 1.0.10 | 91.00 | OK | |||
r-oldrel-windows-ix86+x86_64 | 1.0.10 | 36.00 | 121.00 | 157.00 | OK |
Version: 1.0.10
Check: Rd cross-references
Result: NOTE
Undeclared packages ‘fossil’, ‘raster’ in Rd xrefs
Flavor: r-devel-linux-x86_64-fedora-clang