Last updated on 2022-05-19 07:50:18 CEST.
Flavor | Version | Tinstall | Tcheck | Ttotal | Status | Flags |
---|---|---|---|---|---|---|
r-devel-linux-x86_64-debian-clang | 3.2.4 | 127.39 | 63.12 | 190.51 | OK | |
r-devel-linux-x86_64-debian-gcc | 3.2.4 | 95.57 | 47.13 | 142.70 | OK | |
r-devel-linux-x86_64-fedora-clang | 3.2.4 | 265.81 | OK | |||
r-devel-linux-x86_64-fedora-gcc | 3.2.4 | 239.24 | OK | |||
r-devel-windows-x86_64 | 3.2.4 | 96.00 | 105.00 | 201.00 | OK | |
r-patched-linux-x86_64 | 3.2.4 | 93.01 | 60.45 | 153.46 | OK | |
r-release-linux-x86_64 | 3.2.4 | 106.27 | 59.93 | 166.20 | OK | |
r-release-macos-arm64 | 3.2.4 | 56.00 | OK | |||
r-release-macos-x86_64 | 3.2.4 | 78.00 | OK | |||
r-release-windows-x86_64 | 3.2.4 | 102.00 | 106.00 | 208.00 | OK | |
r-oldrel-macos-arm64 | 3.2.4 | 53.00 | NOTE | |||
r-oldrel-macos-x86_64 | 3.2.4 | 72.00 | OK | |||
r-oldrel-windows-ix86+x86_64 | 3.2.4 | 300.00 | 129.00 | 429.00 | OK |
Version: 3.2.4
Check: installed package size
Result: NOTE
installed size is 5.3Mb
sub-directories of 1Mb or more:
libs 5.0Mb
Flavor: r-oldrel-macos-arm64