CRAN Package Check Results for Package RImagePalette

Last updated on 2022-08-12 06:49:30 CEST.

Flavor Version Tinstall Tcheck Ttotal Status Flags
r-devel-linux-x86_64-debian-clang 0.1.1 4.87 54.26 59.13 NOTE
r-devel-linux-x86_64-debian-gcc 0.1.1 4.43 40.67 45.10 NOTE
r-devel-linux-x86_64-fedora-clang 0.1.1 81.72 NOTE
r-devel-linux-x86_64-fedora-gcc 0.1.1 80.41 NOTE
r-devel-windows-x86_64 0.1.1 9.00 75.00 84.00 NOTE
r-patched-linux-x86_64 0.1.1 5.74 50.37 56.11 NOTE
r-release-linux-x86_64 0.1.1 4.04 50.13 54.17 NOTE
r-release-macos-arm64 0.1.1 22.00 NOTE
r-release-macos-x86_64 0.1.1 49.00 NOTE
r-release-windows-x86_64 0.1.1 31.00 75.00 106.00 NOTE
r-oldrel-macos-arm64 0.1.1 27.00 NOTE
r-oldrel-macos-x86_64 0.1.1 38.00 NOTE
r-oldrel-windows-ix86+x86_64 0.1.1 13.00 69.00 82.00 NOTE

Check Details

Version: 0.1.1
Check: LazyData
Result: NOTE
     'LazyData' is specified without a 'data' directory
Flavors: r-devel-linux-x86_64-debian-clang, r-devel-linux-x86_64-debian-gcc, r-devel-linux-x86_64-fedora-clang, r-devel-linux-x86_64-fedora-gcc, r-devel-windows-x86_64, r-patched-linux-x86_64, r-release-linux-x86_64, r-release-macos-arm64, r-release-macos-x86_64, r-release-windows-x86_64, r-oldrel-macos-arm64, r-oldrel-macos-x86_64, r-oldrel-windows-ix86+x86_64