Last updated on 2022-06-30 06:49:34 CEST.
Flavor | Version | Tinstall | Tcheck | Ttotal | Status | Flags |
---|---|---|---|---|---|---|
r-devel-linux-x86_64-debian-clang | 0.2.4 | 4.64 | 48.92 | 53.56 | OK | |
r-devel-linux-x86_64-debian-gcc | 0.2.4 | 4.46 | 36.80 | 41.26 | OK | |
r-devel-linux-x86_64-fedora-clang | 0.2.4 | 73.96 | NOTE | |||
r-devel-linux-x86_64-fedora-gcc | 0.2.4 | 77.58 | OK | |||
r-devel-windows-x86_64 | 0.2.4 | 25.00 | 71.00 | 96.00 | OK | |
r-patched-linux-x86_64 | 0.2.4 | 6.98 | 46.38 | 53.36 | OK | |
r-release-linux-x86_64 | 0.2.4 | 6.32 | 46.64 | 52.96 | OK | |
r-release-macos-arm64 | 0.2.4 | 22.00 | OK | |||
r-release-macos-x86_64 | 0.2.4 | 33.00 | OK | |||
r-release-windows-x86_64 | 0.2.4 | 18.00 | 72.00 | 90.00 | OK | |
r-oldrel-macos-arm64 | 0.2.4 | 33.00 | OK | |||
r-oldrel-macos-x86_64 | 0.2.4 | 47.00 | OK | |||
r-oldrel-windows-ix86+x86_64 | 0.2.4 | 14.00 | 66.00 | 80.00 | OK |
Version: 0.2.4
Check: Rd cross-references
Result: NOTE
Undeclared package ‘DBI’ in Rd xrefs
Flavor: r-devel-linux-x86_64-fedora-clang