CRAN Package Check Results for Package REddyProcNCDF

Last updated on 2022-08-12 06:49:30 CEST.

Flavor Version Tinstall Tcheck Ttotal Status Flags
r-devel-linux-x86_64-debian-clang 1.1.4 8.12 75.18 83.30 NOTE
r-devel-linux-x86_64-debian-gcc 1.1.4 6.15 55.57 61.72 NOTE
r-devel-linux-x86_64-fedora-clang 1.1.4 109.47 NOTE
r-devel-linux-x86_64-fedora-gcc 1.1.4 113.06 NOTE
r-devel-windows-x86_64 1.1.4 16.00 92.00 108.00 NOTE
r-patched-linux-x86_64 1.1.4 7.49 70.71 78.20 NOTE
r-release-linux-x86_64 1.1.4 5.94 69.78 75.72 NOTE
r-release-macos-arm64 1.1.4 30.00 NOTE
r-release-macos-x86_64 1.1.4 49.00 NOTE
r-release-windows-x86_64 1.1.4 30.00 91.00 121.00 NOTE
r-oldrel-macos-arm64 1.1.4 28.00 NOTE
r-oldrel-macos-x86_64 1.1.4 37.00 NOTE
r-oldrel-windows-ix86+x86_64 1.1.4 18.00 86.00 104.00 NOTE

Check Details

Version: 1.1.4
Check: LazyData
Result: NOTE
     'LazyData' is specified without a 'data' directory
Flavors: r-devel-linux-x86_64-debian-clang, r-devel-linux-x86_64-debian-gcc, r-devel-linux-x86_64-fedora-clang, r-devel-linux-x86_64-fedora-gcc, r-devel-windows-x86_64, r-patched-linux-x86_64, r-release-linux-x86_64, r-release-macos-arm64, r-release-macos-x86_64, r-release-windows-x86_64, r-oldrel-macos-arm64, r-oldrel-macos-x86_64, r-oldrel-windows-ix86+x86_64