CRAN Package Check Results for Package RConics

Last updated on 2022-07-02 07:07:08 CEST.

Flavor Version Tinstall Tcheck Ttotal Status Flags
r-devel-linux-x86_64-debian-clang 1.1.1 2.65 25.52 28.17 NOTE
r-devel-linux-x86_64-debian-gcc 1.1.1 2.43 19.60 22.03 NOTE
r-devel-linux-x86_64-fedora-clang 1.1.1 46.86 NOTE
r-devel-linux-x86_64-fedora-gcc 1.1.1 47.73 NOTE
r-devel-windows-x86_64 1.1.1 23.00 51.00 74.00 OK
r-patched-linux-x86_64 1.1.1 3.45 24.61 28.06 NOTE
r-release-linux-x86_64 1.1.1 3.20 24.36 27.56 NOTE
r-release-macos-arm64 1.1.1 17.00 OK
r-release-macos-x86_64 1.1.1 22.00 OK
r-release-windows-x86_64 1.1.1 23.00 50.00 73.00 OK
r-oldrel-macos-arm64 1.1.1 18.00 OK
r-oldrel-macos-x86_64 1.1.1 22.00 OK
r-oldrel-windows-ix86+x86_64 1.1.1 6.00 49.00 55.00 OK

Check Details

Version: 1.1.1
Check: package dependencies
Result: NOTE
    Package suggested but not available for checking: 'conics'
Flavors: r-devel-linux-x86_64-debian-clang, r-devel-linux-x86_64-debian-gcc, r-devel-linux-x86_64-fedora-clang, r-devel-linux-x86_64-fedora-gcc, r-patched-linux-x86_64, r-release-linux-x86_64