CRAN Package Check Results for Package RClimacell

Last updated on 2022-01-25 07:50:17 CET.

Flavor Version Tinstall Tcheck Ttotal Status Flags
r-devel-linux-x86_64-debian-clang 0.1.4 5.96 60.18 66.14 NOTE
r-devel-linux-x86_64-debian-gcc 0.1.4 4.49 50.73 55.22 NOTE
r-devel-linux-x86_64-fedora-clang 0.1.4 79.52 NOTE
r-devel-linux-x86_64-fedora-gcc 0.1.4 70.03 NOTE
r-devel-windows-x86_64-new-UL 0.1.4 31.00 83.00 114.00 NOTE
r-devel-windows-x86_64-new-TK 0.1.4 NOTE
r-patched-linux-x86_64 0.1.4 4.53 57.83 62.36 NOTE
r-release-linux-x86_64 0.1.4 4.96 57.31 62.27 NOTE
r-release-macos-arm64 0.1.4 NOTE
r-release-macos-x86_64 0.1.4 NOTE
r-release-windows-ix86+x86_64 0.1.4 14.00 70.00 84.00 NOTE
r-oldrel-macos-x86_64 0.1.4 OK
r-oldrel-windows-ix86+x86_64 0.1.4 14.00 71.00 85.00 OK

Check Details

Version: 0.1.4
Check: LazyData
Result: NOTE
     'LazyData' is specified without a 'data' directory
Flavors: r-devel-linux-x86_64-debian-clang, r-devel-linux-x86_64-debian-gcc, r-devel-linux-x86_64-fedora-clang, r-devel-linux-x86_64-fedora-gcc, r-devel-windows-x86_64-new-UL, r-devel-windows-x86_64-new-TK, r-patched-linux-x86_64, r-release-linux-x86_64, r-release-macos-arm64, r-release-macos-x86_64, r-release-windows-ix86+x86_64