Last updated on 2022-07-04 06:51:33 CEST.
Flavor | Version | Tinstall | Tcheck | Ttotal | Status | Flags |
---|---|---|---|---|---|---|
r-devel-linux-x86_64-debian-clang | 0.1.5 | 3.36 | 32.50 | 35.86 | NOTE | |
r-devel-linux-x86_64-debian-gcc | 0.1.5 | 2.15 | 25.16 | 27.31 | NOTE | |
r-devel-linux-x86_64-fedora-clang | 0.1.5 | 54.41 | NOTE | |||
r-devel-linux-x86_64-fedora-gcc | 0.1.5 | 53.45 | NOTE | |||
r-devel-windows-x86_64 | 0.1.5 | 9.00 | 61.00 | 70.00 | NOTE | |
r-patched-linux-x86_64 | 0.1.5 | 3.48 | 31.86 | 35.34 | OK | |
r-release-linux-x86_64 | 0.1.5 | 3.04 | 31.39 | 34.43 | OK | |
r-release-macos-arm64 | 0.1.5 | 21.00 | OK | |||
r-release-macos-x86_64 | 0.1.5 | 26.00 | OK | |||
r-release-windows-x86_64 | 0.1.5 | 10.00 | 58.00 | 68.00 | OK | |
r-oldrel-macos-arm64 | 0.1.5 | 20.00 | OK | |||
r-oldrel-macos-x86_64 | 0.1.5 | 25.00 | OK | |||
r-oldrel-windows-ix86+x86_64 | 0.1.5 | 9.00 | 52.00 | 61.00 | OK |
Version: 0.1.5
Check: Rd files
Result: NOTE
checkRd: (-1) Example_Data.Rd:17: Escaped LaTeX specials: \&
checkRd: (-1) Example_Data.Rd:22: Escaped LaTeX specials: \&
checkRd: (-1) Example_Data.Rd:43: Escaped LaTeX specials: \&
checkRd: (-1) Reference_Data.Rd:41: Escaped LaTeX specials: \&
checkRd: (-1) Reference_Data.Rd:45: Escaped LaTeX specials: \&
checkRd: (-1) Reference_Data.Rd:47: Escaped LaTeX specials: \&
checkRd: (-1) Reference_Data.Rd:52: Escaped LaTeX specials: \&
checkRd: (-1) Reference_Data.Rd:55: Escaped LaTeX specials: \&
checkRd: (-1) Reference_Data.Rd:57: Escaped LaTeX specials: \&
Flavors: r-devel-linux-x86_64-debian-clang, r-devel-linux-x86_64-debian-gcc, r-devel-linux-x86_64-fedora-clang, r-devel-linux-x86_64-fedora-gcc, r-devel-windows-x86_64