Last updated on 2022-08-19 06:52:33 CEST.
Flavor | Version | Tinstall | Tcheck | Ttotal | Status | Flags |
---|---|---|---|---|---|---|
r-devel-linux-x86_64-debian-clang | 1.0.3 | 30.84 | 265.74 | 296.58 | NOTE | |
r-devel-linux-x86_64-debian-gcc | 1.0.3 | 20.81 | 193.07 | 213.88 | NOTE | |
r-devel-linux-x86_64-fedora-clang | 1.0.3 | 342.71 | NOTE | |||
r-devel-linux-x86_64-fedora-gcc | 1.0.3 | 378.70 | NOTE | |||
r-devel-windows-x86_64 | 1.0.3 | 26.00 | 251.00 | 277.00 | NOTE | |
r-patched-linux-x86_64 | 1.0.3 | 28.77 | 251.66 | 280.43 | NOTE | |
r-release-linux-x86_64 | 1.0.3 | NOTE | ||||
r-release-macos-arm64 | 1.0.3 | 67.00 | NOTE | |||
r-release-macos-x86_64 | 1.0.3 | 101.00 | NOTE | |||
r-release-windows-x86_64 | 1.0.3 | 26.00 | 251.00 | 277.00 | NOTE | |
r-oldrel-macos-arm64 | 1.0.3 | 38.00 | NOTE | |||
r-oldrel-macos-x86_64 | 1.0.3 | 65.00 | NOTE | |||
r-oldrel-windows-ix86+x86_64 | 1.0.3 | 60.00 | 261.00 | 321.00 | NOTE |
Version: 1.0.3
Check: LazyData
Result: NOTE
'LazyData' is specified without a 'data' directory
Flavors: r-devel-linux-x86_64-debian-clang, r-devel-linux-x86_64-debian-gcc, r-devel-linux-x86_64-fedora-clang, r-devel-linux-x86_64-fedora-gcc, r-devel-windows-x86_64, r-patched-linux-x86_64, r-release-linux-x86_64, r-release-macos-arm64, r-release-macos-x86_64, r-release-windows-x86_64, r-oldrel-macos-arm64, r-oldrel-macos-x86_64, r-oldrel-windows-ix86+x86_64