Last updated on 2022-05-23 06:49:56 CEST.
Flavor | Version | Tinstall | Tcheck | Ttotal | Status | Flags |
---|---|---|---|---|---|---|
r-devel-linux-x86_64-debian-clang | 1.6-3 | 150.53 | 413.87 | 564.40 | NOTE | |
r-devel-linux-x86_64-debian-gcc | 1.6-3 | 131.49 | 292.07 | 423.56 | NOTE | |
r-devel-linux-x86_64-fedora-clang | 1.6-3 | 674.95 | NOTE | |||
r-devel-linux-x86_64-fedora-gcc | 1.6-3 | 691.02 | NOTE | |||
r-devel-windows-x86_64 | 1.6-3 | 154.00 | 503.00 | 657.00 | NOTE | |
r-patched-linux-x86_64 | 1.6-3 | 122.64 | 382.76 | 505.40 | NOTE | |
r-release-linux-x86_64 | 1.6-3 | NOTE | ||||
r-release-macos-arm64 | 1.6-3 | 205.00 | NOTE | |||
r-release-macos-x86_64 | 1.6-3 | 339.00 | NOTE | |||
r-release-windows-x86_64 | 1.6-3 | 149.00 | 507.00 | 656.00 | NOTE | |
r-oldrel-macos-arm64 | 1.6-3 | 241.00 | NOTE | |||
r-oldrel-macos-x86_64 | 1.6-3 | 235.00 | NOTE | |||
r-oldrel-windows-ix86+x86_64 | 1.6-3 | 332.00 | 540.00 | 872.00 | NOTE |
Version: 1.6-3
Check: for GNU extensions in Makefiles
Result: NOTE
GNU make is a SystemRequirements.
Flavors: r-devel-linux-x86_64-debian-clang, r-devel-linux-x86_64-debian-gcc, r-devel-linux-x86_64-fedora-clang, r-devel-linux-x86_64-fedora-gcc, r-devel-windows-x86_64, r-patched-linux-x86_64, r-release-linux-x86_64, r-release-macos-arm64, r-release-macos-x86_64, r-release-windows-x86_64, r-oldrel-macos-arm64, r-oldrel-macos-x86_64, r-oldrel-windows-ix86+x86_64
Version: 1.6-3
Check: installed package size
Result: NOTE
installed size is 27.2Mb
sub-directories of 1Mb or more:
doc 2.0Mb
libs 24.3Mb
Flavors: r-devel-linux-x86_64-fedora-clang, r-release-macos-arm64, r-release-macos-x86_64, r-oldrel-macos-arm64, r-oldrel-macos-x86_64, r-oldrel-windows-ix86+x86_64