CRAN Package Check Results for Package RBNZ

Last updated on 2022-01-29 06:49:45 CET.

Flavor Version Tinstall Tcheck Ttotal Status Flags
r-devel-linux-x86_64-debian-clang 1.1.0 5.44 54.12 59.56 NOTE
r-devel-linux-x86_64-debian-gcc 1.1.0 4.47 41.79 46.26 NOTE
r-devel-linux-x86_64-fedora-clang 1.1.0 66.35 NOTE
r-devel-linux-x86_64-fedora-gcc 1.1.0 57.10 NOTE
r-devel-windows-x86_64-new-UL 1.1.0 57.00 77.00 134.00 NOTE
r-devel-windows-x86_64-new-TK 1.1.0 NOTE
r-patched-linux-x86_64 1.1.0 5.50 47.43 52.93 NOTE
r-release-linux-x86_64 1.1.0 4.41 46.70 51.11 NOTE
r-release-macos-arm64 1.1.0 NOTE
r-release-macos-x86_64 1.1.0 NOTE
r-release-windows-ix86+x86_64 1.1.0 12.00 59.00 71.00 NOTE
r-oldrel-macos-x86_64 1.1.0 OK
r-oldrel-windows-ix86+x86_64 1.1.0 12.00 60.00 72.00 OK

Check Details

Version: 1.1.0
Check: LazyData
Result: NOTE
     'LazyData' is specified without a 'data' directory
Flavors: r-devel-linux-x86_64-debian-clang, r-devel-linux-x86_64-debian-gcc, r-devel-linux-x86_64-fedora-clang, r-devel-linux-x86_64-fedora-gcc, r-devel-windows-x86_64-new-UL, r-devel-windows-x86_64-new-TK, r-patched-linux-x86_64, r-release-linux-x86_64, r-release-macos-arm64, r-release-macos-x86_64, r-release-windows-ix86+x86_64