CRAN Package Check Results for Package R2MLwiN

Last updated on 2022-07-06 06:52:59 CEST.

Flavor Version Tinstall Tcheck Ttotal Status Flags
r-devel-linux-x86_64-debian-clang 0.8-7 62.95 212.07 275.02 OK
r-devel-linux-x86_64-debian-gcc 0.8-7 49.01 156.83 205.84 OK
r-devel-linux-x86_64-fedora-clang 0.8-7 342.91 NOTE
r-devel-linux-x86_64-fedora-gcc 0.8-7 340.97 OK
r-devel-windows-x86_64 0.8-7 86.00 230.00 316.00 OK
r-patched-linux-x86_64 0.8-7 56.89 200.08 256.97 OK
r-release-linux-x86_64 0.8-7 43.08 203.71 246.79 OK
r-release-macos-arm64 0.8-7 78.00 OK
r-release-macos-x86_64 0.8-7 168.00 OK
r-release-windows-x86_64 0.8-7 106.00 224.00 330.00 OK
r-oldrel-macos-arm64 0.8-7 85.00 OK
r-oldrel-macos-x86_64 0.8-7 132.00 OK
r-oldrel-windows-ix86+x86_64 0.8-7 109.00 227.00 336.00 OK

Check Details

Version: 0.8-7
Check: Rd cross-references
Result: NOTE
    Undeclared package ‘generics’ in Rd xrefs
Flavor: r-devel-linux-x86_64-fedora-clang