CRAN Package Check Results for Package R2BayesX

Last updated on 2022-05-20 06:51:05 CEST.

Flavor Version Tinstall Tcheck Ttotal Status Flags
r-devel-linux-x86_64-debian-clang 1.1-1.1 18.86 168.66 187.52 OK
r-devel-linux-x86_64-debian-gcc 1.1-1.1 15.59 126.34 141.93 OK
r-devel-linux-x86_64-fedora-clang 1.1-1.1 219.51 NOTE
r-devel-linux-x86_64-fedora-gcc 1.1-1.1 216.79 OK
r-devel-windows-x86_64 1.1-1.1 86.00 193.00 279.00 OK
r-patched-linux-x86_64 1.1-1.1 23.79 159.59 183.38 OK
r-release-linux-x86_64 1.1-1.1 16.22 158.78 175.00 OK
r-release-macos-arm64 1.1-1.1 57.00 OK
r-release-macos-x86_64 1.1-1.1 82.00 OK
r-release-windows-x86_64 1.1-1.1 119.00 204.00 323.00 OK
r-oldrel-macos-arm64 1.1-1.1 85.00 OK
r-oldrel-macos-x86_64 1.1-1.1 80.00 OK
r-oldrel-windows-ix86+x86_64 1.1-1.1 41.00 247.00 288.00 OK

Check Details

Version: 1.1-1.1
Check: Rd cross-references
Result: NOTE
    Undeclared package ‘fields’ in Rd xrefs
Flavor: r-devel-linux-x86_64-fedora-clang