CRAN Package Check Results for Package R.temis

Last updated on 2022-07-04 06:51:32 CEST.

Flavor Version Tinstall Tcheck Ttotal Status Flags
r-devel-linux-x86_64-debian-clang 0.1.3 9.71 124.54 134.25 OK
r-devel-linux-x86_64-debian-gcc 0.1.3 6.52 88.66 95.18 OK
r-devel-linux-x86_64-fedora-clang 0.1.3 162.38 NOTE
r-devel-linux-x86_64-fedora-gcc 0.1.3 162.69 NOTE
r-devel-windows-x86_64 0.1.3 30.00 146.00 176.00 OK
r-patched-linux-x86_64 0.1.3 18.20 110.63 128.83 OK
r-release-linux-x86_64 0.1.3 8.52 108.62 117.14 OK
r-release-macos-arm64 0.1.3 35.00 NOTE
r-release-macos-x86_64 0.1.3 80.00 NOTE
r-release-windows-x86_64 0.1.3 21.00 141.00 162.00 OK
r-oldrel-macos-arm64 0.1.3 45.00 NOTE
r-oldrel-macos-x86_64 0.1.3 72.00 NOTE
r-oldrel-windows-ix86+x86_64 0.1.3 24.00 147.00 171.00 OK

Check Details

Version: 0.1.3
Check: dependencies in R code
Result: NOTE
    Namespace in Imports field not imported from: ‘testthat’
     All declared Imports should be used.
Flavors: r-devel-linux-x86_64-fedora-clang, r-devel-linux-x86_64-fedora-gcc, r-release-macos-arm64, r-release-macos-x86_64, r-oldrel-macos-arm64, r-oldrel-macos-x86_64