CRAN Package Check Results for Package QCAtools

Last updated on 2022-07-03 07:52:01 CEST.

Flavor Version Tinstall Tcheck Ttotal Status Flags
r-devel-linux-x86_64-debian-clang 0.2.3 6.41 60.96 67.37 NOTE
r-devel-linux-x86_64-debian-gcc 0.2.3 5.07 45.34 50.41 NOTE
r-devel-linux-x86_64-fedora-clang 0.2.3 90.44 NOTE
r-devel-linux-x86_64-fedora-gcc 0.2.3 98.71 NOTE
r-devel-windows-x86_64 0.2.3 13.00 84.00 97.00 NOTE
r-patched-linux-x86_64 0.2.3 5.89 57.31 63.20 NOTE
r-release-linux-x86_64 0.2.3 5.70 58.05 63.75 NOTE
r-release-macos-arm64 0.2.3 25.00 NOTE
r-release-macos-x86_64 0.2.3 48.00 NOTE
r-release-windows-x86_64 0.2.3 17.00 86.00 103.00 NOTE
r-oldrel-macos-arm64 0.2.3 34.00 NOTE
r-oldrel-macos-x86_64 0.2.3 38.00 NOTE
r-oldrel-windows-ix86+x86_64 0.2.3 18.00 83.00 101.00 NOTE

Check Details

Version: 0.2.3
Check: LazyData
Result: NOTE
     'LazyData' is specified without a 'data' directory
Flavors: r-devel-linux-x86_64-debian-clang, r-devel-linux-x86_64-debian-gcc, r-devel-linux-x86_64-fedora-clang, r-devel-linux-x86_64-fedora-gcc, r-devel-windows-x86_64, r-patched-linux-x86_64, r-release-linux-x86_64, r-release-macos-arm64, r-release-macos-x86_64, r-release-windows-x86_64, r-oldrel-macos-arm64, r-oldrel-macos-x86_64, r-oldrel-windows-ix86+x86_64