CRAN Package Check Results for Package ProFit

Last updated on 2022-07-06 06:52:58 CEST.

Flavor Version Tinstall Tcheck Ttotal Status Flags
r-devel-linux-x86_64-debian-clang 1.3.3 64.16 106.30 170.46 NOTE
r-devel-linux-x86_64-debian-gcc 1.3.3 55.50 77.37 132.87 NOTE
r-devel-linux-x86_64-fedora-clang 1.3.3 260.03 NOTE
r-devel-linux-x86_64-fedora-gcc 1.3.3 202.17 NOTE
r-devel-windows-x86_64 1.3.3 122.00 189.00 311.00 NOTE
r-patched-linux-x86_64 1.3.3 63.44 98.96 162.40 OK
r-release-linux-x86_64 1.3.3 59.52 100.53 160.05 OK
r-release-macos-arm64 1.3.3 61.00 NOTE
r-release-macos-x86_64 1.3.3 96.00 NOTE
r-release-windows-x86_64 1.3.3 129.00 189.00 318.00 NOTE
r-oldrel-macos-arm64 1.3.3 115.00 NOTE
r-oldrel-macos-x86_64 1.3.3 139.00 NOTE
r-oldrel-windows-ix86+x86_64 1.3.3 108.00 197.00 305.00 NOTE

Check Details

Version: 1.3.3
Check: Rd files
Result: NOTE
    checkRd: (-1) profitCubaMoffat.Rd:79: Escaped LaTeX specials: \&
Flavors: r-devel-linux-x86_64-debian-clang, r-devel-linux-x86_64-debian-gcc, r-devel-linux-x86_64-fedora-clang, r-devel-linux-x86_64-fedora-gcc, r-devel-windows-x86_64

Version: 1.3.3
Check: installed package size
Result: NOTE
     installed size is 12.3Mb
     sub-directories of 1Mb or more:
     extdata 7.4Mb
     libs 3.8Mb
Flavors: r-devel-linux-x86_64-fedora-clang, r-devel-windows-x86_64, r-release-macos-arm64, r-release-macos-x86_64, r-release-windows-x86_64, r-oldrel-macos-arm64, r-oldrel-macos-x86_64, r-oldrel-windows-ix86+x86_64