Last updated on 2022-08-12 06:49:28 CEST.
Flavor | Version | Tinstall | Tcheck | Ttotal | Status | Flags |
---|---|---|---|---|---|---|
r-devel-linux-x86_64-debian-clang | 1.2-4 | 14.98 | 142.49 | 157.47 | OK | |
r-devel-linux-x86_64-debian-gcc | 1.2-4 | 11.56 | 104.17 | 115.73 | OK | |
r-devel-linux-x86_64-fedora-clang | 1.2-4 | 196.99 | NOTE | |||
r-devel-linux-x86_64-fedora-gcc | 1.2-4 | 196.97 | NOTE | |||
r-devel-windows-x86_64 | 1.2-4 | 23.00 | 157.00 | 180.00 | OK | |
r-patched-linux-x86_64 | 1.2-4 | 12.80 | 135.90 | 148.70 | OK | |
r-release-linux-x86_64 | 1.2-4 | 11.77 | 137.64 | 149.41 | OK | |
r-release-macos-arm64 | 1.2-4 | 63.00 | NOTE | |||
r-release-macos-x86_64 | 1.2-4 | 104.00 | NOTE | |||
r-release-windows-x86_64 | 1.2-4 | 29.00 | 155.00 | 184.00 | OK | |
r-oldrel-macos-arm64 | 1.2-4 | 83.00 | NOTE | |||
r-oldrel-macos-x86_64 | 1.2-4 | 96.00 | NOTE | |||
r-oldrel-windows-ix86+x86_64 | 1.2-4 | 34.00 | 152.00 | 186.00 | OK |
Version: 1.2-4
Check: dependencies in R code
Result: NOTE
Namespace in Imports field not imported from: ‘lazyeval’
All declared Imports should be used.
Flavors: r-devel-linux-x86_64-fedora-clang, r-devel-linux-x86_64-fedora-gcc, r-release-macos-arm64, r-release-macos-x86_64, r-oldrel-macos-arm64, r-oldrel-macos-x86_64