CRAN Package Check Results for Package PreProcessing

Last updated on 2022-07-04 06:51:32 CEST.

Flavor Version Tinstall Tcheck Ttotal Status Flags
r-devel-linux-x86_64-debian-clang 0.1.0 1.80 21.76 23.56 OK
r-devel-linux-x86_64-debian-gcc 0.1.0 1.67 16.71 18.38 OK
r-devel-linux-x86_64-fedora-clang 0.1.0 38.82 NOTE
r-devel-linux-x86_64-fedora-gcc 0.1.0 38.09 NOTE
r-devel-windows-x86_64 0.1.0 10.00 45.00 55.00 OK
r-patched-linux-x86_64 0.1.0 2.11 20.55 22.66 OK
r-release-linux-x86_64 0.1.0 1.97 21.05 23.02 OK
r-release-macos-arm64 0.1.0 14.00 NOTE
r-release-macos-x86_64 0.1.0 26.00 NOTE
r-release-windows-x86_64 0.1.0 13.00 46.00 59.00 OK
r-oldrel-macos-arm64 0.1.0 18.00 NOTE
r-oldrel-macos-x86_64 0.1.0 19.00 NOTE
r-oldrel-windows-ix86+x86_64 0.1.0 6.00 41.00 47.00 OK

Check Details

Version: 0.1.0
Check: dependencies in R code
Result: NOTE
    Namespace in Imports field not imported from: ‘ggplot2’
     All declared Imports should be used.
Flavors: r-devel-linux-x86_64-fedora-clang, r-devel-linux-x86_64-fedora-gcc, r-release-macos-arm64, r-release-macos-x86_64, r-oldrel-macos-arm64, r-oldrel-macos-x86_64