CRAN Package Check Results for Package PracticalEquiDesign

Last updated on 2022-06-30 06:49:32 CEST.

Flavor Version Tinstall Tcheck Ttotal Status Flags
r-devel-linux-x86_64-debian-clang 0.0.3 1.87 30.22 32.09 OK
r-devel-linux-x86_64-debian-gcc 0.0.3 1.90 23.61 25.51 OK
r-devel-linux-x86_64-fedora-clang 0.0.3 51.14 NOTE
r-devel-linux-x86_64-fedora-gcc 0.0.3 50.61 NOTE
r-devel-windows-x86_64 0.0.3 42.00 60.00 102.00 OK
r-patched-linux-x86_64 0.0.3 1.76 29.27 31.03 OK
r-release-linux-x86_64 0.0.3 1.51 29.70 31.21 OK
r-release-macos-arm64 0.0.3 18.00 NOTE
r-release-macos-x86_64 0.0.3 33.00 NOTE
r-release-windows-x86_64 0.0.3 36.00 56.00 92.00 OK
r-oldrel-macos-arm64 0.0.3 20.00 NOTE
r-oldrel-macos-x86_64 0.0.3 26.00 NOTE
r-oldrel-windows-ix86+x86_64 0.0.3 7.00 51.00 58.00 OK

Check Details

Version: 0.0.3
Check: dependencies in R code
Result: NOTE
    Namespaces in Imports field not imported from:
     ‘dplyr’ ‘methods’ ‘numDeriv’ ‘tidyr’
     All declared Imports should be used.
Flavors: r-devel-linux-x86_64-fedora-clang, r-devel-linux-x86_64-fedora-gcc, r-release-macos-arm64, r-release-macos-x86_64, r-oldrel-macos-arm64, r-oldrel-macos-x86_64