Last updated on 2022-07-06 06:52:57 CEST.
Flavor | Version | Tinstall | Tcheck | Ttotal | Status | Flags |
---|---|---|---|---|---|---|
r-devel-linux-x86_64-debian-clang | 1.5.0 | 61.25 | 217.67 | 278.92 | OK | |
r-devel-linux-x86_64-debian-gcc | 1.5.0 | 45.50 | 159.34 | 204.84 | OK | |
r-devel-linux-x86_64-fedora-clang | 1.5.0 | 342.19 | WARN | |||
r-devel-linux-x86_64-fedora-gcc | 1.5.0 | 337.07 | WARN | |||
r-devel-windows-x86_64 | 1.5.0 | 274.00 | 443.00 | 717.00 | OK | |
r-patched-linux-x86_64 | 1.5.0 | 63.91 | 201.56 | 265.47 | OK | |
r-release-linux-x86_64 | 1.5.0 | 51.00 | 205.60 | 256.60 | OK | |
r-release-macos-arm64 | 1.5.0 | 128.00 | NOTE | |||
r-release-macos-x86_64 | 1.5.0 | 201.00 | NOTE | |||
r-release-windows-x86_64 | 1.5.0 | 266.00 | 452.00 | 718.00 | OK | |
r-oldrel-macos-arm64 | 1.5.0 | 120.00 | NOTE | |||
r-oldrel-macos-x86_64 | 1.5.0 | 177.00 | NOTE | |||
r-oldrel-windows-ix86+x86_64 | 1.5.0 | 129.00 | 546.00 | 675.00 | OK |
Version: 1.5.0
Check: package dependencies
Result: WARN
Requires (indirectly) orphaned package: ‘gtools’
Flavors: r-devel-linux-x86_64-fedora-clang, r-devel-linux-x86_64-fedora-gcc
Version: 1.5.0
Check: installed package size
Result: NOTE
installed size is 5.0Mb
sub-directories of 1Mb or more:
libs 3.5Mb
Flavors: r-release-macos-arm64, r-release-macos-x86_64, r-oldrel-macos-arm64, r-oldrel-macos-x86_64