Last updated on 2022-07-05 07:51:02 CEST.
Flavor | Version | Tinstall | Tcheck | Ttotal | Status | Flags |
---|---|---|---|---|---|---|
r-devel-linux-x86_64-debian-clang | 2.0.4 | 21.76 | 361.47 | 383.23 | NOTE | |
r-devel-linux-x86_64-debian-gcc | 2.0.4 | 19.67 | 263.39 | 283.06 | NOTE | |
r-devel-linux-x86_64-fedora-clang | 2.0.4 | 477.63 | NOTE | |||
r-devel-linux-x86_64-fedora-gcc | 2.0.4 | 483.11 | NOTE | |||
r-devel-windows-x86_64 | 2.0.4 | 597.00 | 274.00 | 871.00 | NOTE | --no-vignettes |
r-patched-linux-x86_64 | 2.0.4 | 32.34 | 336.15 | 368.49 | OK | |
r-release-linux-x86_64 | 2.0.4 | 23.89 | 342.84 | 366.73 | OK | |
r-release-macos-arm64 | 2.0.4 | 147.00 | OK | |||
r-release-macos-x86_64 | 2.0.4 | 214.00 | OK | |||
r-release-windows-x86_64 | 2.0.4 | 475.00 | 252.00 | 727.00 | OK | --no-vignettes |
r-oldrel-macos-arm64 | 2.0.4 | 186.00 | OK | |||
r-oldrel-macos-x86_64 | 2.0.4 | 342.00 | OK | |||
r-oldrel-windows-ix86+x86_64 | 2.0.4 | 52.00 | 384.00 | 436.00 | OK | --no-vignettes |
Version: 2.0.4
Check: Rd files
Result: NOTE
checkRd: (-1) CAPM.RiskPremium.Rd:67: Escaped LaTeX specials: \&
checkRd: (-1) chart.ECDF.Rd:31: Escaped LaTeX specials: \#
checkRd: (-1) managers.Rd:8: Escaped LaTeX specials: \&
Flavors: r-devel-linux-x86_64-debian-clang, r-devel-linux-x86_64-debian-gcc, r-devel-linux-x86_64-fedora-clang, r-devel-linux-x86_64-fedora-gcc
Version: 2.0.4
Check: Rd cross-references
Result: NOTE
Undeclared packages ‘timeSeries’, ‘tseries’, ‘car’, ‘gplots’ in Rd xrefs
Flavor: r-devel-linux-x86_64-fedora-clang
Version: 2.0.4
Flags: --no-vignettes
Check: Rd files
Result: NOTE
checkRd: (-1) CAPM.RiskPremium.Rd:67: Escaped LaTeX specials: \&
checkRd: (-1) chart.ECDF.Rd:31: Escaped LaTeX specials: \#
checkRd: (-1) managers.Rd:8: Escaped LaTeX specials: \&
Flavor: r-devel-windows-x86_64