Last updated on 2022-07-03 07:52:00 CEST.
Flavor | Version | Tinstall | Tcheck | Ttotal | Status | Flags |
---|---|---|---|---|---|---|
r-devel-linux-x86_64-debian-clang | 1.0.1 | 37.01 | 73.92 | 110.93 | OK | |
r-devel-linux-x86_64-debian-gcc | 1.0.1 | 24.30 | 57.13 | 81.43 | OK | |
r-devel-linux-x86_64-fedora-clang | 1.0.1 | 155.05 | NOTE | |||
r-devel-linux-x86_64-fedora-gcc | 1.0.1 | 148.22 | NOTE | |||
r-devel-windows-x86_64 | 1.0.1 | 40.00 | 116.00 | 156.00 | OK | |
r-patched-linux-x86_64 | 1.0.1 | 29.08 | 73.05 | 102.13 | OK | |
r-release-linux-x86_64 | 1.0.1 | 29.27 | 72.75 | 102.02 | OK | |
r-release-macos-arm64 | 1.0.1 | 42.00 | OK | |||
r-release-macos-x86_64 | 1.0.1 | 55.00 | OK | |||
r-release-windows-x86_64 | 1.0.1 | 45.00 | 118.00 | 163.00 | OK | |
r-oldrel-macos-arm64 | 1.0.1 | 44.00 | OK | |||
r-oldrel-macos-x86_64 | 1.0.1 | 70.00 | OK | |||
r-oldrel-windows-ix86+x86_64 | 1.0.1 | 91.00 | 127.00 | 218.00 | OK |
Version: 1.0.1
Check: compiled code
Result: NOTE
File ‘PenCoxFrail/libs/PenCoxFrail.so’:
Found no calls to: ‘R_registerRoutines’, ‘R_useDynamicSymbols’
It is good practice to register native routines and to disable symbol
search.
See ‘Writing portable packages’ in the ‘Writing R Extensions’ manual.
Flavors: r-devel-linux-x86_64-fedora-clang, r-devel-linux-x86_64-fedora-gcc