CRAN Package Check Results for Package PTXQC

Last updated on 2022-05-27 07:50:13 CEST.

Flavor Version Tinstall Tcheck Ttotal Status Flags
r-devel-linux-x86_64-debian-clang 1.0.13 25.39 258.94 284.33 OK
r-devel-linux-x86_64-debian-gcc 1.0.13 22.27 187.25 209.52 OK
r-devel-linux-x86_64-fedora-clang 1.0.13 349.36 NOTE
r-devel-linux-x86_64-fedora-gcc 1.0.13 317.14 OK
r-devel-windows-x86_64 1.0.13 91.00 295.00 386.00 NOTE
r-patched-linux-x86_64 1.0.13 21.06 236.94 258.00 OK
r-release-linux-x86_64 1.0.13 17.57 236.86 254.43 OK
r-release-macos-arm64 1.0.13 120.00 NOTE
r-release-macos-x86_64 1.0.13 189.00 NOTE
r-release-windows-x86_64 1.0.13 101.00 294.00 395.00 NOTE
r-oldrel-macos-arm64 1.0.13 94.00 NOTE
r-oldrel-macos-x86_64 1.0.13 103.00 NOTE
r-oldrel-windows-ix86+x86_64 1.0.13 45.00 273.00 318.00 NOTE

Check Details

Version: 1.0.13
Check: installed package size
Result: NOTE
     installed size is 9.0Mb
     sub-directories of 1Mb or more:
     R 1.2Mb
     doc 4.0Mb
     examples 2.5Mb
Flavors: r-devel-linux-x86_64-fedora-clang, r-devel-windows-x86_64, r-release-macos-arm64, r-release-macos-x86_64, r-release-windows-x86_64, r-oldrel-macos-arm64, r-oldrel-macos-x86_64, r-oldrel-windows-ix86+x86_64