CRAN Package Check Results for Package POUMM

Last updated on 2022-07-06 06:52:58 CEST.

Flavor Version Tinstall Tcheck Ttotal Status Flags
r-devel-linux-x86_64-debian-clang 2.1.7 42.65 239.65 282.30 OK
r-devel-linux-x86_64-debian-gcc 2.1.7 42.09 170.23 212.32 OK
r-devel-linux-x86_64-fedora-clang 2.1.7 342.70 NOTE
r-devel-linux-x86_64-fedora-gcc 2.1.7 348.56 OK
r-devel-windows-x86_64 2.1.7 56.00 279.00 335.00 OK
r-patched-linux-x86_64 2.1.7 47.94 220.60 268.54 OK
r-release-linux-x86_64 2.1.7 41.96 219.33 261.29 OK
r-release-macos-arm64 2.1.7 92.00 NOTE
r-release-macos-x86_64 2.1.7 166.00 NOTE
r-release-windows-x86_64 2.1.7 59.00 284.00 343.00 OK
r-oldrel-macos-arm64 2.1.7 129.00 NOTE
r-oldrel-macos-x86_64 2.1.7 164.00 NOTE
r-oldrel-windows-ix86+x86_64 2.1.7 100.00 347.00 447.00 OK

Check Details

Version: 2.1.7
Check: installed package size
Result: NOTE
     installed size is 5.5Mb
     sub-directories of 1Mb or more:
     libs 4.7Mb
Flavors: r-devel-linux-x86_64-fedora-clang, r-release-macos-arm64, r-release-macos-x86_64, r-oldrel-macos-arm64, r-oldrel-macos-x86_64