CRAN Package Check Results for Package PDM

Last updated on 2022-08-09 06:51:21 CEST.

Flavor Version Tinstall Tcheck Ttotal Status Flags
r-devel-linux-x86_64-debian-clang 0.1 1.53 20.26 21.79 NOTE
r-devel-linux-x86_64-debian-gcc 0.1 1.53 16.12 17.65 NOTE
r-devel-linux-x86_64-fedora-clang 0.1 38.91 NOTE
r-devel-linux-x86_64-fedora-gcc 0.1 37.73 NOTE
r-devel-windows-x86_64 0.1 6.00 44.00 50.00 NOTE
r-patched-linux-x86_64 0.1 1.87 20.04 21.91 NOTE
r-release-linux-x86_64 0.1 NOTE
r-release-macos-arm64 0.1 13.00 NOTE
r-release-macos-x86_64 0.1 19.00 NOTE
r-release-windows-x86_64 0.1 4.00 44.00 48.00 NOTE
r-oldrel-macos-arm64 0.1 15.00 NOTE
r-oldrel-macos-x86_64 0.1 22.00 NOTE
r-oldrel-windows-ix86+x86_64 0.1 4.00 35.00 39.00 NOTE

Check Details

Version: 0.1
Check: LazyData
Result: NOTE
     'LazyData' is specified without a 'data' directory
Flavors: r-devel-linux-x86_64-debian-clang, r-devel-linux-x86_64-debian-gcc, r-devel-linux-x86_64-fedora-clang, r-devel-linux-x86_64-fedora-gcc, r-devel-windows-x86_64, r-patched-linux-x86_64, r-release-linux-x86_64, r-release-macos-arm64, r-release-macos-x86_64, r-release-windows-x86_64, r-oldrel-macos-arm64, r-oldrel-macos-x86_64, r-oldrel-windows-ix86+x86_64