CRAN Package Check Results for Package PBSmodelling

Last updated on 2022-08-15 06:49:14 CEST.

Flavor Version Tinstall Tcheck Ttotal Status Flags
r-devel-linux-x86_64-debian-clang 2.68.8 17.99 113.35 131.34 OK
r-devel-linux-x86_64-debian-gcc 2.68.8 15.96 85.00 100.96 OK
r-devel-linux-x86_64-fedora-clang 2.68.8 169.04 NOTE
r-devel-linux-x86_64-fedora-gcc 2.68.8 167.05 OK
r-devel-windows-x86_64 2.68.8 290.00 140.00 430.00 OK
r-patched-linux-x86_64 2.68.8 25.57 121.06 146.63 OK
r-release-linux-x86_64 2.68.8 23.01 119.90 142.91 OK
r-release-macos-arm64 2.68.8 79.00 NOTE
r-release-macos-x86_64 2.68.8 118.00 NOTE
r-release-windows-x86_64 2.68.8 70.00 137.00 207.00 OK
r-oldrel-macos-arm64 2.68.8 125.00 NOTE
r-oldrel-macos-x86_64 2.68.8 119.00 NOTE
r-oldrel-windows-ix86+x86_64 2.68.8 36.00 144.00 180.00 OK

Check Details

Version: 2.68.8
Check: installed package size
Result: NOTE
     installed size is 5.3Mb
     sub-directories of 1Mb or more:
     doc 1.3Mb
     examples 1.7Mb
Flavors: r-devel-linux-x86_64-fedora-clang, r-release-macos-arm64, r-release-macos-x86_64, r-oldrel-macos-arm64, r-oldrel-macos-x86_64