CRAN Package Check Results for Package PAMhm

Last updated on 2022-01-27 06:48:42 CET.

Flavor Version Tinstall Tcheck Ttotal Status Flags
r-devel-linux-x86_64-debian-clang 0.1.2 7.04 92.29 99.33 OK
r-devel-linux-x86_64-debian-gcc 0.1.2 6.44 71.17 77.61 OK
r-devel-linux-x86_64-fedora-clang 0.1.2 115.68 OK
r-devel-linux-x86_64-fedora-gcc 0.1.2 108.50 OK
r-devel-windows-x86_64-new-UL 0.1.2 21.00 111.00 132.00 OK
r-devel-windows-x86_64-new-TK 0.1.2 OK
r-patched-linux-x86_64 0.1.2 6.49 81.64 88.13 OK
r-release-linux-x86_64 0.1.2 7.06 81.60 88.66 OK
r-release-macos-arm64 0.1.2 ERROR
r-release-macos-x86_64 0.1.2 ERROR
r-release-windows-ix86+x86_64 0.1.2 20.00 99.00 119.00 OK
r-oldrel-macos-x86_64 0.1.2 ERROR
r-oldrel-windows-ix86+x86_64 0.1.2 22.00 101.00 123.00 OK

Check Details

Version: 0.1.2
Check: package dependencies
Result: ERROR
    Package required but not available: ‘heatmapFlex’
    
    See section ‘The DESCRIPTION file’ in the ‘Writing R Extensions’
    manual.
Flavors: r-release-macos-arm64, r-release-macos-x86_64, r-oldrel-macos-x86_64