Last updated on 2022-05-27 07:50:11 CEST.
Flavor | Version | Tinstall | Tcheck | Ttotal | Status | Flags |
---|---|---|---|---|---|---|
r-devel-linux-x86_64-debian-clang | 1.2.1 | 71.22 | 117.45 | 188.67 | OK | |
r-devel-linux-x86_64-debian-gcc | 1.2.1 | 53.96 | 86.90 | 140.86 | OK | |
r-devel-linux-x86_64-fedora-clang | 1.2.1 | 236.39 | NOTE | |||
r-devel-linux-x86_64-fedora-gcc | 1.2.1 | 225.12 | OK | |||
r-devel-windows-x86_64 | 1.2.1 | 123.00 | 166.00 | 289.00 | OK | |
r-patched-linux-x86_64 | 1.2.1 | 50.38 | 109.16 | 159.54 | OK | |
r-release-linux-x86_64 | 1.2.1 | 52.90 | 109.41 | 162.31 | OK | |
r-release-macos-arm64 | 1.2.1 | 64.00 | NOTE | |||
r-release-macos-x86_64 | 1.2.1 | 110.00 | NOTE | |||
r-release-windows-x86_64 | 1.2.1 | 134.00 | 177.00 | 311.00 | OK | |
r-oldrel-macos-arm64 | 1.2.1 | 59.00 | NOTE | |||
r-oldrel-macos-x86_64 | 1.2.1 | 84.00 | NOTE | |||
r-oldrel-windows-ix86+x86_64 | 1.2.1 | 139.00 | 210.00 | 349.00 | NOTE |
Version: 1.2.1
Check: installed package size
Result: NOTE
installed size is 7.1Mb
sub-directories of 1Mb or more:
doc 2.2Mb
libs 4.2Mb
Flavors: r-devel-linux-x86_64-fedora-clang, r-release-macos-arm64, r-release-macos-x86_64, r-oldrel-macos-arm64, r-oldrel-macos-x86_64, r-oldrel-windows-ix86+x86_64