CRAN Package Check Results for Package OSNMTF

Last updated on 2022-05-25 07:50:26 CEST.

Flavor Version Tinstall Tcheck Ttotal Status Flags
r-devel-linux-x86_64-debian-clang 0.1.0 5.27 62.96 68.23 NOTE
r-devel-linux-x86_64-debian-gcc 0.1.0 3.92 47.87 51.79 NOTE
r-devel-linux-x86_64-fedora-clang 0.1.0 81.77 NOTE
r-devel-linux-x86_64-fedora-gcc 0.1.0 78.37 NOTE
r-devel-windows-x86_64 0.1.0 16.00 83.00 99.00 NOTE
r-patched-linux-x86_64 0.1.0 4.99 59.77 64.76 NOTE
r-release-linux-x86_64 0.1.0 NOTE
r-release-macos-arm64 0.1.0 25.00 NOTE
r-release-macos-x86_64 0.1.0 47.00 NOTE
r-release-windows-x86_64 0.1.0 17.00 82.00 99.00 NOTE
r-oldrel-macos-arm64 0.1.0 30.00 NOTE
r-oldrel-macos-x86_64 0.1.0 39.00 NOTE
r-oldrel-windows-ix86+x86_64 0.1.0 14.00 71.00 85.00 NOTE

Check Details

Version: 0.1.0
Check: LazyData
Result: NOTE
     'LazyData' is specified without a 'data' directory
Flavors: r-devel-linux-x86_64-debian-clang, r-devel-linux-x86_64-debian-gcc, r-devel-linux-x86_64-fedora-clang, r-devel-linux-x86_64-fedora-gcc, r-devel-windows-x86_64, r-patched-linux-x86_64, r-release-linux-x86_64, r-release-macos-arm64, r-release-macos-x86_64, r-release-windows-x86_64, r-oldrel-macos-arm64, r-oldrel-macos-x86_64, r-oldrel-windows-ix86+x86_64