CRAN Package Check Results for Package ODataQuery

Last updated on 2022-01-21 07:52:40 CET.

Flavor Version Tinstall Tcheck Ttotal Status Flags
r-devel-linux-x86_64-debian-clang 0.5.3 OK
r-devel-linux-x86_64-debian-gcc 0.5.3 2.46 27.40 29.86 OK
r-devel-linux-x86_64-fedora-clang 0.5.3 47.76 NOTE
r-devel-linux-x86_64-fedora-gcc 0.5.3 37.18 NOTE
r-devel-windows-x86_64-new-UL 0.5.3 40.00 62.00 102.00 OK
r-devel-windows-x86_64-new-TK 0.5.3 NOTE
r-patched-linux-x86_64 0.5.3 2.79 33.98 36.77 OK
r-release-linux-x86_64 0.5.3 3.30 34.74 38.04 OK
r-release-macos-arm64 0.5.3 NOTE
r-release-macos-x86_64 0.5.3 NOTE
r-release-windows-ix86+x86_64 0.5.3 7.00 49.00 56.00 OK
r-oldrel-macos-x86_64 0.5.3 NOTE
r-oldrel-windows-ix86+x86_64 0.5.3 11.00 49.00 60.00 OK

Check Details

Version: 0.5.3
Check: dependencies in R code
Result: NOTE
    Namespace in Imports field not imported from: ‘R6’
     All declared Imports should be used.
Flavors: r-devel-linux-x86_64-fedora-clang, r-devel-linux-x86_64-fedora-gcc, r-devel-windows-x86_64-new-TK, r-release-macos-arm64, r-release-macos-x86_64, r-oldrel-macos-x86_64