CRAN Package Check Results for Package NetworkChange

Last updated on 2022-01-18 06:52:53 CET.

Flavor Version Tinstall Tcheck Ttotal Status Flags
r-devel-linux-x86_64-debian-clang 0.7 23.28 197.74 221.02 OK --no-vignettes
r-devel-linux-x86_64-debian-gcc 0.7 23.43 162.36 185.79 OK --no-vignettes
r-devel-linux-x86_64-fedora-clang 0.7 1534.16 NOTE
r-devel-linux-x86_64-fedora-gcc 0.7 1612.79 NOTE
r-devel-windows-x86_64-new-UL 0.7 162.00 1260.00 1422.00 OK
r-devel-windows-x86_64-new-TK 0.7 NOTE --no-vignettes
r-patched-linux-x86_64 0.7 26.75 193.76 220.51 OK --no-vignettes
r-release-linux-x86_64 0.7 OK --no-vignettes
r-release-macos-arm64 0.7 NOTE
r-release-macos-x86_64 0.7 NOTE
r-release-windows-ix86+x86_64 0.7 59.00 1442.00 1501.00 OK
r-oldrel-macos-x86_64 0.7 NOTE
r-oldrel-windows-ix86+x86_64 0.7 59.00 1456.00 1515.00 OK

Check Details

Version: 0.7
Check: dependencies in R code
Result: NOTE
    Namespace in Imports field not imported from: ‘sna’
     All declared Imports should be used.
Flavors: r-devel-linux-x86_64-fedora-clang, r-devel-linux-x86_64-fedora-gcc, r-release-macos-arm64, r-release-macos-x86_64, r-oldrel-macos-x86_64

Version: 0.7
Flags: --no-vignettes
Check: dependencies in R code
Result: NOTE
    Namespace in Imports field not imported from: 'sna'
     All declared Imports should be used.
Flavor: r-devel-windows-x86_64-new-TK