Last updated on 2022-05-17 07:53:11 CEST.
Flavor | Version | Tinstall | Tcheck | Ttotal | Status | Flags |
---|---|---|---|---|---|---|
r-devel-linux-x86_64-debian-clang | 0.1.2 | 7.16 | 89.22 | 96.38 | OK | |
r-devel-linux-x86_64-debian-gcc | 0.1.2 | 5.87 | 66.14 | 72.01 | OK | |
r-devel-linux-x86_64-fedora-clang | 0.1.2 | 111.37 | NOTE | |||
r-devel-linux-x86_64-fedora-gcc | 0.1.2 | 110.19 | NOTE | |||
r-devel-windows-x86_64 | 0.1.2 | 19.00 | 102.00 | 121.00 | OK | |
r-patched-linux-x86_64 | 0.1.2 | 7.34 | 85.04 | 92.38 | OK | |
r-release-linux-x86_64 | 0.1.2 | 6.22 | 84.55 | 90.77 | OK | |
r-release-macos-arm64 | 0.1.2 | 6.00 | ERROR | |||
r-release-macos-x86_64 | 0.1.2 | 7.00 | ERROR | |||
r-release-windows-x86_64 | 0.1.2 | 17.00 | 101.00 | 118.00 | OK | |
r-oldrel-macos-arm64 | 0.1.2 | 6.00 | ERROR | |||
r-oldrel-macos-x86_64 | 0.1.2 | 7.00 | ERROR | |||
r-oldrel-windows-ix86+x86_64 | 0.1.2 | 17.00 | 98.00 | 115.00 | OK |
Version: 0.1.2
Check: dependencies in R code
Result: NOTE
Namespace in Imports field not imported from: ‘CoDiNA’
All declared Imports should be used.
Flavors: r-devel-linux-x86_64-fedora-clang, r-devel-linux-x86_64-fedora-gcc
Version: 0.1.2
Check: package dependencies
Result: ERROR
Package required but not available: ‘BiRewire’
See section ‘The DESCRIPTION file’ in the ‘Writing R Extensions’
manual.
Flavors: r-release-macos-arm64, r-release-macos-x86_64, r-oldrel-macos-arm64, r-oldrel-macos-x86_64