Last updated on 2022-05-25 07:50:26 CEST.
Flavor | Version | Tinstall | Tcheck | Ttotal | Status | Flags |
---|---|---|---|---|---|---|
r-devel-linux-x86_64-debian-clang | 1.2.1 | 159.25 | 69.56 | 228.81 | NOTE | |
r-devel-linux-x86_64-debian-gcc | 1.2.1 | 125.37 | 52.14 | 177.51 | NOTE | |
r-devel-linux-x86_64-fedora-clang | 1.2.1 | 343.11 | NOTE | |||
r-devel-linux-x86_64-fedora-gcc | 1.2.1 | 289.79 | NOTE | |||
r-devel-windows-x86_64 | 1.2.1 | 193.00 | 105.00 | 298.00 | NOTE | |
r-patched-linux-x86_64 | 1.2.1 | 128.94 | 66.05 | 194.99 | NOTE | |
r-release-linux-x86_64 | 1.2.1 | NOTE | ||||
r-release-macos-arm64 | 1.2.1 | 72.00 | NOTE | |||
r-release-macos-x86_64 | 1.2.1 | 132.00 | NOTE | |||
r-release-windows-x86_64 | 1.2.1 | 258.00 | 89.00 | 347.00 | NOTE | |
r-oldrel-macos-arm64 | 1.2.1 | 89.00 | NOTE | |||
r-oldrel-macos-x86_64 | 1.2.1 | 153.00 | NOTE | |||
r-oldrel-windows-ix86+x86_64 | 1.2.1 | 384.00 | 117.00 | 501.00 | WARN |
Version: 1.2.1
Check: LazyData
Result: NOTE
'LazyData' is specified without a 'data' directory
Flavors: r-devel-linux-x86_64-debian-clang, r-devel-linux-x86_64-debian-gcc, r-devel-linux-x86_64-fedora-clang, r-devel-linux-x86_64-fedora-gcc, r-devel-windows-x86_64, r-patched-linux-x86_64, r-release-linux-x86_64, r-release-macos-arm64, r-release-macos-x86_64, r-release-windows-x86_64, r-oldrel-macos-arm64, r-oldrel-macos-x86_64, r-oldrel-windows-ix86+x86_64
Version: 1.2.1
Check: for GNU extensions in Makefiles
Result: NOTE
GNU make is a SystemRequirements.
Flavors: r-devel-linux-x86_64-debian-clang, r-devel-linux-x86_64-debian-gcc, r-devel-linux-x86_64-fedora-clang, r-devel-linux-x86_64-fedora-gcc, r-devel-windows-x86_64, r-patched-linux-x86_64, r-release-linux-x86_64, r-release-macos-arm64, r-release-macos-x86_64, r-release-windows-x86_64, r-oldrel-macos-arm64, r-oldrel-macos-x86_64, r-oldrel-windows-ix86+x86_64
Version: 1.2.1
Check: installed package size
Result: NOTE
installed size is 5.6Mb
sub-directories of 1Mb or more:
libs 4.9Mb
Flavor: r-oldrel-macos-arm64
Version: 1.2.1
Check: whether package can be installed
Result: WARN
Found the following significant warnings:
generateData.cpp:105:18: warning: passing NULL to non-pointer argument 1 of 'Rcpp::Vector<RTYPE, StoragePolicy>::Vector(const int&) [with int RTYPE = 19; StoragePolicy = Rcpp::PreserveStorage]' [-Wconversion-null]
Flavor: r-oldrel-windows-ix86+x86_64