CRAN Package Check Results for Package NUCOMBog

Last updated on 2022-08-19 06:52:29 CEST.

Flavor Version Tinstall Tcheck Ttotal Status Flags
r-devel-linux-x86_64-debian-clang 1.0.4.2 2.58 30.39 32.97 NOTE
r-devel-linux-x86_64-debian-gcc 1.0.4.2 1.73 24.18 25.91 NOTE
r-devel-linux-x86_64-fedora-clang 1.0.4.2 53.62 NOTE
r-devel-linux-x86_64-fedora-gcc 1.0.4.2 52.33 NOTE
r-devel-windows-x86_64 1.0.4.2 21.00 79.00 100.00 NOTE
r-patched-linux-x86_64 1.0.4.2 2.32 29.65 31.97 NOTE
r-release-linux-x86_64 1.0.4.2 NOTE
r-release-macos-arm64 1.0.4.2 23.00 NOTE
r-release-macos-x86_64 1.0.4.2 28.00 NOTE
r-release-windows-x86_64 1.0.4.2 40.00 80.00 120.00 NOTE
r-oldrel-macos-arm64 1.0.4.2 29.00 NOTE
r-oldrel-macos-x86_64 1.0.4.2 37.00 NOTE
r-oldrel-windows-ix86+x86_64 1.0.4.2 6.00 64.00 70.00 NOTE

Check Details

Version: 1.0.4.2
Check: LazyData
Result: NOTE
     'LazyData' is specified without a 'data' directory
Flavors: r-devel-linux-x86_64-debian-clang, r-devel-linux-x86_64-debian-gcc, r-devel-linux-x86_64-fedora-clang, r-devel-linux-x86_64-fedora-gcc, r-devel-windows-x86_64, r-patched-linux-x86_64, r-release-linux-x86_64, r-release-macos-arm64, r-release-macos-x86_64, r-release-windows-x86_64, r-oldrel-macos-arm64, r-oldrel-macos-x86_64, r-oldrel-windows-ix86+x86_64