CRAN Package Check Results for Package NORMA

Last updated on 2022-08-09 06:51:20 CEST.

Flavor Version Tinstall Tcheck Ttotal Status Flags
r-devel-linux-x86_64-debian-clang 0.1 2.39 24.05 26.44 NOTE
r-devel-linux-x86_64-debian-gcc 0.1 1.87 19.02 20.89 NOTE
r-devel-linux-x86_64-fedora-clang 0.1 42.55 NOTE
r-devel-linux-x86_64-fedora-gcc 0.1 41.20 NOTE
r-devel-windows-x86_64 0.1 9.00 47.00 56.00 NOTE
r-patched-linux-x86_64 0.1 3.83 22.81 26.64 NOTE
r-release-linux-x86_64 0.1 NOTE
r-release-macos-arm64 0.1 15.00 NOTE
r-release-macos-x86_64 0.1 20.00 NOTE
r-release-windows-x86_64 0.1 5.00 48.00 53.00 NOTE
r-oldrel-macos-arm64 0.1 19.00 NOTE
r-oldrel-macos-x86_64 0.1 24.00 NOTE
r-oldrel-windows-ix86+x86_64 0.1 5.00 36.00 41.00 NOTE

Check Details

Version: 0.1
Check: LazyData
Result: NOTE
     'LazyData' is specified without a 'data' directory
Flavors: r-devel-linux-x86_64-debian-clang, r-devel-linux-x86_64-debian-gcc, r-devel-linux-x86_64-fedora-clang, r-devel-linux-x86_64-fedora-gcc, r-devel-windows-x86_64, r-patched-linux-x86_64, r-release-linux-x86_64, r-release-macos-arm64, r-release-macos-x86_64, r-release-windows-x86_64, r-oldrel-macos-arm64, r-oldrel-macos-x86_64, r-oldrel-windows-ix86+x86_64